{"id":16,"date":"2016-06-08T07:57:51","date_gmt":"2016-06-08T07:57:51","guid":{"rendered":"http:\/\/alexbutor.hu\/vendeglatoibutor\/?page_id=9"},"modified":"2021-06-17T07:36:49","modified_gmt":"2021-06-17T06:36:49","slug":"kategoriak","status":"publish","type":"page","link":"https:\/\/alexbutor.hu\/informatika\/kategoriak\/","title":{"rendered":"Term\u00e9kek"},"content":{"rendered":"<div class=\"butorlaposkat\">\n<div class=\"vonalasc\u00edmh\">\n<h3 class=\"vonalasc\u00edm\"><span>Kateg\u00f3ri\u00e1k<\/span><\/h3>\n<\/div>\n<li class=\"portfolio_item isotope-item\">\n<div class=\"portfolio_item_holder\">\n<figure class=\"thumbnail thumbnail__portfolio\"><a href=\"https:\/\/alexbutor.hu\/informatika\/kategoriak\/mimio-interaktiv-termekek\/\" class=\"image-wrap\"><img decoding=\"async\" src=\"https:\/\/alexbutor.hu\/informatika\/wp-content\/uploads\/2021\/06\/mimio.jpg\" alt=\"Mimio interakt\u00edv eszk\u00f6z\u00f6k\"><\/a><\/figure>\n<div class=\"caption caption__portfolio\">\n<h3><a href=\"https:\/\/alexbutor.hu\/informatika\/kategoriak\/mimio-interaktiv-termekek\/\">Mimio interakt\u00edv eszk\u00f6z\u00f6k (5)<\/a><\/h3>\n<\/div>\n<\/div>\n<\/li>\n<li class=\"portfolio_item isotope-item\">\n<div class=\"portfolio_item_holder\">\n<figure class=\"thumbnail thumbnail__portfolio\"><a href=\"https:\/\/alexbutor.hu\/informatika\/kategoriak\/interaktiv-kijelzok\/\" class=\"image-wrap\"><img decoding=\"async\" src=\"https:\/\/alexbutor.hu\/informatika\/wp-content\/uploads\/2021\/06\/interaktiv_kijelzok.jpg\" alt=\"Interakt\u00edv kijelz\u0151k\"><\/a><\/figure>\n<div class=\"caption caption__portfolio\">\n<h3><a href=\"https:\/\/alexbutor.hu\/informatika\/kategoriak\/interaktiv-kijelzok\/\">Interakt\u00edv kijelz\u0151k (10)<\/a><\/h3>\n<\/div>\n<\/div>\n<\/li>\n<li class=\"portfolio_item isotope-item\">\n<div class=\"portfolio_item_holder\">\n<figure class=\"thumbnail thumbnail__portfolio\"><a href=\"https:\/\/alexbutor.hu\/informatika\/kategoriak\/interaktiv-tablak\/\" class=\"image-wrap\"><img decoding=\"async\" src=\"https:\/\/alexbutor.hu\/informatika\/wp-content\/uploads\/2021\/06\/interaktiv_tablak.jpg\" alt=\"Interakt\u00edv t\u00e1bl\u00e1k\"><\/a><\/figure>\n<div class=\"caption caption__portfolio\">\n<h3><a href=\"https:\/\/alexbutor.hu\/informatika\/kategoriak\/interaktiv-tablak\/\">Interakt\u00edv t\u00e1bl\u00e1k (1)<\/a><\/h3>\n<\/div>\n<\/div>\n<\/li>\n<li class=\"portfolio_item isotope-item\">\n<div class=\"portfolio_item_holder\">\n<figure class=\"thumbnail thumbnail__portfolio\"><a href=\"https:\/\/alexbutor.hu\/informatika\/kategoriak\/interaktiv-tabla-szettek\/\" class=\"image-wrap\"><img decoding=\"async\" src=\"https:\/\/alexbutor.hu\/informatika\/wp-content\/uploads\/2021\/06\/interaktiv_tabla_szettek.jpg\" alt=\"Interakt\u00edv t\u00e1bla szettek\"><\/a><\/figure>\n<div class=\"caption caption__portfolio\">\n<h3><a href=\"https:\/\/alexbutor.hu\/informatika\/kategoriak\/interaktiv-tabla-szettek\/\">Interakt\u00edv t\u00e1bla szettek (1)<\/a><\/h3>\n<\/div>\n<\/div>\n<\/li>\n<li class=\"portfolio_item isotope-item\">\n<div class=\"portfolio_item_holder\">\n<figure class=\"thumbnail thumbnail__portfolio\"><a href=\"https:\/\/alexbutor.hu\/informatika\/kategoriak\/interaktiv-eszkoz-allvanyok\/\" class=\"image-wrap\"><img decoding=\"async\" src=\"https:\/\/alexbutor.hu\/informatika\/wp-content\/uploads\/2021\/06\/mobil_kijelzo_allvanyok.jpg\" alt=\"Interakt\u00edv eszk\u00f6z \u00e1llv\u00e1nyok\"><\/a><\/figure>\n<div class=\"caption caption__portfolio\">\n<h3><a href=\"https:\/\/alexbutor.hu\/informatika\/kategoriak\/interaktiv-eszkoz-allvanyok\/\">Interakt\u00edv eszk\u00f6z \u00e1llv\u00e1nyok<\/a><\/h3>\n<\/div>\n<\/div>\n<\/li>\n<li class=\"portfolio_item isotope-item\">\n<div class=\"portfolio_item_holder\">\n<figure class=\"thumbnail thumbnail__portfolio\"><a href=\"https:\/\/alexbutor.hu\/informatika\/kategoriak\/interaktiv-kiegeszitok\/\" class=\"image-wrap\"><img decoding=\"async\" src=\"https:\/\/alexbutor.hu\/informatika\/wp-content\/uploads\/2021\/06\/interaktiv_kiegeszitok.jpg\" alt=\"Interakt\u00edv kieg\u00e9sz\u00edt\u0151k\"><\/a><\/figure>\n<div class=\"caption caption__portfolio\">\n<h3><a href=\"https:\/\/alexbutor.hu\/informatika\/kategoriak\/interaktiv-kiegeszitok\/\">Interakt\u00edv kieg\u00e9sz\u00edt\u0151k (2)<\/a><\/h3>\n<\/div>\n<\/div>\n<\/li>\n<li class=\"portfolio_item isotope-item\">\n<div class=\"portfolio_item_holder\">\n<figure class=\"thumbnail thumbnail__portfolio\"><a href=\"https:\/\/alexbutor.hu\/informatika\/kategoriak\/dokumentum-kamerak\/\" class=\"image-wrap\"><img decoding=\"async\" src=\"https:\/\/alexbutor.hu\/informatika\/wp-content\/uploads\/2021\/06\/dokumentum_kamerak.jpg\" alt=\"Dokumentum kamer\u00e1k\"><\/a><\/figure>\n<div class=\"caption caption__portfolio\">\n<h3><a href=\"https:\/\/alexbutor.hu\/informatika\/kategoriak\/dokumentum-kamerak\/\">Dokumentum kamer\u00e1k (1)<\/a><\/h3>\n<\/div>\n<\/div>\n<\/li>\n<li class=\"portfolio_item isotope-item\">\n<div class=\"portfolio_item_holder\">\n<figure class=\"thumbnail thumbnail__portfolio\"><a href=\"https:\/\/alexbutor.hu\/informatika\/kategoriak\/oktatasi-projektorok\/\" class=\"image-wrap\"><img decoding=\"async\" src=\"https:\/\/alexbutor.hu\/informatika\/wp-content\/uploads\/2021\/06\/kozelvetito_projektorok.jpg\" alt=\"Oktat\u00e1si projektorok\"><\/a><\/figure>\n<div class=\"caption caption__portfolio\">\n<h3><a href=\"https:\/\/alexbutor.hu\/informatika\/kategoriak\/oktatasi-projektorok\/\">Oktat\u00e1si projektorok<\/a><\/h3>\n<\/div>\n<\/div>\n<\/li>\n<li class=\"portfolio_item isotope-item\">\n<div class=\"portfolio_item_holder\">\n<figure class=\"thumbnail thumbnail__portfolio\"><a href=\"https:\/\/alexbutor.hu\/informatika\/kategoriak\/laptop-tablet-tolto-szekrenyek\/\" class=\"image-wrap\"><img decoding=\"async\" src=\"https:\/\/alexbutor.hu\/informatika\/wp-content\/uploads\/2021\/06\/toltoszekrenyek.jpg\" alt=\"Laptop\/Tablet t\u00f6lt\u0151 szekr\u00e9nyek\"><\/a><\/figure>\n<div class=\"caption caption__portfolio\">\n<h3><a href=\"https:\/\/alexbutor.hu\/informatika\/kategoriak\/laptop-tablet-tolto-szekrenyek\/\">Laptop\/Tablet t\u00f6lt\u0151 szekr\u00e9nyek (6)<\/a><\/h3>\n<\/div>\n<\/div>\n<\/li>\n<li class=\"portfolio_item isotope-item\">\n<div class=\"portfolio_item_holder\">\n<figure class=\"thumbnail thumbnail__portfolio\"><a href=\"https:\/\/alexbutor.hu\/informatika\/kategoriak\/nyelvi-laborok\/\" class=\"image-wrap\"><img decoding=\"async\" src=\"https:\/\/alexbutor.hu\/informatika\/wp-content\/uploads\/2021\/06\/nyelvi_labor_butor.jpg\" alt=\"Nyelvi laborok\"><\/a><\/figure>\n<div class=\"caption caption__portfolio\">\n<h3><a href=\"https:\/\/alexbutor.hu\/informatika\/kategoriak\/nyelvi-laborok\/\">Nyelvi laborok<\/a><\/h3>\n<\/div>\n<\/div>\n<\/li>\n<li class=\"portfolio_item isotope-item\">\n<div class=\"portfolio_item_holder\">\n<figure class=\"thumbnail thumbnail__portfolio\"><a href=\"https:\/\/alexbutor.hu\/informatika\/kategoriak\/fali-iskolai-tablak\/\" class=\"image-wrap\"><img decoding=\"async\" src=\"https:\/\/alexbutor.hu\/informatika\/wp-content\/uploads\/2021\/06\/vario_oldalszarnyas_tabla.jpg\" alt=\"Fali iskola t\u00e1bl\u00e1k\"><\/a><\/figure>\n<div class=\"caption caption__portfolio\">\n<h3><a href=\"https:\/\/alexbutor.hu\/informatika\/kategoriak\/fali-iskolai-tablak\/\">Fali iskola t\u00e1bl\u00e1k<\/a><\/h3>\n<\/div>\n<\/div>\n<\/li>\n<li class=\"portfolio_item isotope-item\">\n<div class=\"portfolio_item_holder\">\n<figure class=\"thumbnail thumbnail__portfolio\"><a href=\"https:\/\/alexbutor.hu\/iskolabutor\/\" target=\"_blank\" class=\"image-wrap\" rel=\"noopener\"><img decoding=\"async\" src=\"https:\/\/alexbutor.hu\/informatika\/wp-content\/uploads\/2021\/06\/Oktatasi_butorok.jpg\" alt=\"Oktat\u00e1si b\u00fatorok\"><\/a><\/figure>\n<div class=\"caption caption__portfolio\">\n<h3><a href=\"https:\/\/alexbutor.hu\/iskolabutor\/\" target=\"_blank\" rel=\"noopener\">Oktat\u00e1si b\u00fatorok<\/a><\/h3>\n<\/div>\n<\/div>\n<\/li>\n<li class=\"portfolio_item isotope-item\">\n<div class=\"portfolio_item_holder\">\n<figure class=\"thumbnail thumbnail__portfolio\"><a href=\"https:\/\/alexbutor.hu\/informatika\/kategoriak\/szoftver-megoldasok\/\" class=\"image-wrap\"><img decoding=\"async\" src=\"https:\/\/alexbutor.hu\/informatika\/wp-content\/uploads\/2021\/06\/szoftver_megoldasok.jpg\" alt=\"Szoftver megold\u00e1sok\"><\/a><\/figure>\n<div class=\"caption caption__portfolio\">\n<h3><a href=\"https:\/\/alexbutor.hu\/informatika\/kategoriak\/szoftver-megoldasok\/\">Szoftver megold\u00e1sok (4)<\/a><\/h3>\n<\/div>\n<\/div>\n<\/li>\n<\/div>\n","protected":false},"excerpt":{"rendered":"<p>Kateg\u00f3ri\u00e1k Mimio interakt\u00edv eszk\u00f6z\u00f6k Interakt\u00edv kijelz\u0151k Interakt\u00edv t\u00e1bl\u00e1k Interakt\u00edv t\u00e1bla szettek Interakt\u00edv eszk\u00f6z \u00e1llv\u00e1nyok Interakt\u00edv kieg\u00e9sz\u00edt\u0151k Dokumentum kamer\u00e1k Oktat\u00e1si projektorok Laptop\/Tablet t\u00f6lt\u0151 szekr\u00e9nyek Nyelvi laborok Fali iskola t\u00e1bl\u00e1k Oktat\u00e1si b\u00fatorok Szoftver megold\u00e1sok<\/p>\n","protected":false},"author":1,"featured_media":0,"parent":0,"menu_order":0,"comment_status":"closed","ping_status":"closed","template":"page-uj-alexsub.php","meta":{"footnotes":""},"class_list":["post-16","page","type-page","status-publish","hentry"],"yoast_head":"<!-- This site is optimized with the Yoast SEO plugin v23.5 - https:\/\/yoast.com\/wordpress\/plugins\/seo\/ -->\n<title>Term\u00e9kek - Informatika<\/title>\n<meta name=\"robots\" content=\"index, follow, max-snippet:-1, max-image-preview:large, max-video-preview:-1\" \/>\n<link rel=\"canonical\" href=\"https:\/\/alexbutor.hu\/informatika\/kategoriak\/\" \/>\n<meta property=\"og:locale\" content=\"hu_HU\" \/>\n<meta property=\"og:type\" content=\"article\" \/>\n<meta property=\"og:title\" content=\"Term\u00e9kek - Informatika\" \/>\n<meta property=\"og:description\" content=\"Kateg\u00f3ri\u00e1k Mimio interakt\u00edv eszk\u00f6z\u00f6k Interakt\u00edv kijelz\u0151k Interakt\u00edv t\u00e1bl\u00e1k Interakt\u00edv t\u00e1bla szettek Interakt\u00edv eszk\u00f6z \u00e1llv\u00e1nyok Interakt\u00edv kieg\u00e9sz\u00edt\u0151k Dokumentum kamer\u00e1k Oktat\u00e1si projektorok Laptop\/Tablet t\u00f6lt\u0151 szekr\u00e9nyek Nyelvi laborok Fali iskola t\u00e1bl\u00e1k Oktat\u00e1si b\u00fatorok Szoftver megold\u00e1sok\" \/>\n<meta property=\"og:url\" content=\"https:\/\/alexbutor.hu\/informatika\/kategoriak\/\" \/>\n<meta property=\"og:site_name\" content=\"Informatika\" \/>\n<meta property=\"article:modified_time\" content=\"2021-06-17T06:36:49+00:00\" \/>\n<meta property=\"og:image\" content=\"https:\/\/alexbutor.hu\/informatika\/wp-content\/uploads\/2021\/06\/mimio.jpg\" \/>\n<meta name=\"twitter:card\" content=\"summary_large_image\" \/>\n<script type=\"application\/ld+json\" class=\"yoast-schema-graph\">{\"@context\":\"https:\/\/schema.org\",\"@graph\":[{\"@type\":\"WebPage\",\"@id\":\"https:\/\/alexbutor.hu\/informatika\/kategoriak\/\",\"url\":\"https:\/\/alexbutor.hu\/informatika\/kategoriak\/\",\"name\":\"Term\u00e9kek - Informatika\",\"isPartOf\":{\"@id\":\"https:\/\/alexbutor.hu\/informatika\/#website\"},\"primaryImageOfPage\":{\"@id\":\"https:\/\/alexbutor.hu\/informatika\/kategoriak\/#primaryimage\"},\"image\":{\"@id\":\"https:\/\/alexbutor.hu\/informatika\/kategoriak\/#primaryimage\"},\"thumbnailUrl\":\"https:\/\/alexbutor.hu\/informatika\/wp-content\/uploads\/2021\/06\/mimio.jpg\",\"datePublished\":\"2016-06-08T07:57:51+00:00\",\"dateModified\":\"2021-06-17T06:36:49+00:00\",\"breadcrumb\":{\"@id\":\"https:\/\/alexbutor.hu\/informatika\/kategoriak\/#breadcrumb\"},\"inLanguage\":\"hu\",\"potentialAction\":[{\"@type\":\"ReadAction\",\"target\":[\"https:\/\/alexbutor.hu\/informatika\/kategoriak\/\"]}]},{\"@type\":\"ImageObject\",\"inLanguage\":\"hu\",\"@id\":\"https:\/\/alexbutor.hu\/informatika\/kategoriak\/#primaryimage\",\"url\":\"https:\/\/alexbutor.hu\/informatika\/wp-content\/uploads\/2021\/06\/mimio.jpg\",\"contentUrl\":\"https:\/\/alexbutor.hu\/informatika\/wp-content\/uploads\/2021\/06\/mimio.jpg\",\"width\":800,\"height\":560},{\"@type\":\"BreadcrumbList\",\"@id\":\"https:\/\/alexbutor.hu\/informatika\/kategoriak\/#breadcrumb\",\"itemListElement\":[{\"@type\":\"ListItem\",\"position\":1,\"name\":\"Home\",\"item\":\"https:\/\/alexbutor.hu\/informatika\/\"},{\"@type\":\"ListItem\",\"position\":2,\"name\":\"Term\u00e9kek\"}]},{\"@type\":\"WebSite\",\"@id\":\"https:\/\/alexbutor.hu\/informatika\/#website\",\"url\":\"https:\/\/alexbutor.hu\/informatika\/\",\"name\":\"Informatika\",\"description\":\"Minden t\u00e9rben megold\u00e1s\",\"potentialAction\":[{\"@type\":\"SearchAction\",\"target\":{\"@type\":\"EntryPoint\",\"urlTemplate\":\"https:\/\/alexbutor.hu\/informatika\/?s={search_term_string}\"},\"query-input\":{\"@type\":\"PropertyValueSpecification\",\"valueRequired\":true,\"valueName\":\"search_term_string\"}}],\"inLanguage\":\"hu\"}]}<\/script>\n<!-- \/ Yoast SEO plugin. -->","yoast_head_json":{"title":"Term\u00e9kek - Informatika","robots":{"index":"index","follow":"follow","max-snippet":"max-snippet:-1","max-image-preview":"max-image-preview:large","max-video-preview":"max-video-preview:-1"},"canonical":"https:\/\/alexbutor.hu\/informatika\/kategoriak\/","og_locale":"hu_HU","og_type":"article","og_title":"Term\u00e9kek - Informatika","og_description":"Kateg\u00f3ri\u00e1k Mimio interakt\u00edv eszk\u00f6z\u00f6k Interakt\u00edv kijelz\u0151k Interakt\u00edv t\u00e1bl\u00e1k Interakt\u00edv t\u00e1bla szettek Interakt\u00edv eszk\u00f6z \u00e1llv\u00e1nyok Interakt\u00edv kieg\u00e9sz\u00edt\u0151k Dokumentum kamer\u00e1k Oktat\u00e1si projektorok Laptop\/Tablet t\u00f6lt\u0151 szekr\u00e9nyek Nyelvi laborok Fali iskola t\u00e1bl\u00e1k Oktat\u00e1si b\u00fatorok Szoftver megold\u00e1sok","og_url":"https:\/\/alexbutor.hu\/informatika\/kategoriak\/","og_site_name":"Informatika","article_modified_time":"2021-06-17T06:36:49+00:00","og_image":[{"url":"https:\/\/alexbutor.hu\/informatika\/wp-content\/uploads\/2021\/06\/mimio.jpg"}],"twitter_card":"summary_large_image","schema":{"@context":"https:\/\/schema.org","@graph":[{"@type":"WebPage","@id":"https:\/\/alexbutor.hu\/informatika\/kategoriak\/","url":"https:\/\/alexbutor.hu\/informatika\/kategoriak\/","name":"Term\u00e9kek - Informatika","isPartOf":{"@id":"https:\/\/alexbutor.hu\/informatika\/#website"},"primaryImageOfPage":{"@id":"https:\/\/alexbutor.hu\/informatika\/kategoriak\/#primaryimage"},"image":{"@id":"https:\/\/alexbutor.hu\/informatika\/kategoriak\/#primaryimage"},"thumbnailUrl":"https:\/\/alexbutor.hu\/informatika\/wp-content\/uploads\/2021\/06\/mimio.jpg","datePublished":"2016-06-08T07:57:51+00:00","dateModified":"2021-06-17T06:36:49+00:00","breadcrumb":{"@id":"https:\/\/alexbutor.hu\/informatika\/kategoriak\/#breadcrumb"},"inLanguage":"hu","potentialAction":[{"@type":"ReadAction","target":["https:\/\/alexbutor.hu\/informatika\/kategoriak\/"]}]},{"@type":"ImageObject","inLanguage":"hu","@id":"https:\/\/alexbutor.hu\/informatika\/kategoriak\/#primaryimage","url":"https:\/\/alexbutor.hu\/informatika\/wp-content\/uploads\/2021\/06\/mimio.jpg","contentUrl":"https:\/\/alexbutor.hu\/informatika\/wp-content\/uploads\/2021\/06\/mimio.jpg","width":800,"height":560},{"@type":"BreadcrumbList","@id":"https:\/\/alexbutor.hu\/informatika\/kategoriak\/#breadcrumb","itemListElement":[{"@type":"ListItem","position":1,"name":"Home","item":"https:\/\/alexbutor.hu\/informatika\/"},{"@type":"ListItem","position":2,"name":"Term\u00e9kek"}]},{"@type":"WebSite","@id":"https:\/\/alexbutor.hu\/informatika\/#website","url":"https:\/\/alexbutor.hu\/informatika\/","name":"Informatika","description":"Minden t\u00e9rben megold\u00e1s","potentialAction":[{"@type":"SearchAction","target":{"@type":"EntryPoint","urlTemplate":"https:\/\/alexbutor.hu\/informatika\/?s={search_term_string}"},"query-input":{"@type":"PropertyValueSpecification","valueRequired":true,"valueName":"search_term_string"}}],"inLanguage":"hu"}]}},"_links":{"self":[{"href":"https:\/\/alexbutor.hu\/informatika\/wp-json\/wp\/v2\/pages\/16"}],"collection":[{"href":"https:\/\/alexbutor.hu\/informatika\/wp-json\/wp\/v2\/pages"}],"about":[{"href":"https:\/\/alexbutor.hu\/informatika\/wp-json\/wp\/v2\/types\/page"}],"author":[{"embeddable":true,"href":"https:\/\/alexbutor.hu\/informatika\/wp-json\/wp\/v2\/users\/1"}],"replies":[{"embeddable":true,"href":"https:\/\/alexbutor.hu\/informatika\/wp-json\/wp\/v2\/comments?post=16"}],"version-history":[{"count":3,"href":"https:\/\/alexbutor.hu\/informatika\/wp-json\/wp\/v2\/pages\/16\/revisions"}],"predecessor-version":[{"id":61520,"href":"https:\/\/alexbutor.hu\/informatika\/wp-json\/wp\/v2\/pages\/16\/revisions\/61520"}],"wp:attachment":[{"href":"https:\/\/alexbutor.hu\/informatika\/wp-json\/wp\/v2\/media?parent=16"}],"curies":[{"name":"wp","href":"https:\/\/api.w.org\/{rel}","templated":true}]}}