{"id":18,"date":"2016-06-08T07:58:17","date_gmt":"2016-06-08T07:58:17","guid":{"rendered":"http:\/\/alexbutor.hu\/vendeglatoibutor\/?page_id=13"},"modified":"2023-06-08T15:28:20","modified_gmt":"2023-06-08T14:28:20","slug":"katalogusok","status":"publish","type":"page","link":"https:\/\/alexbutor.hu\/informatika\/katalogusok\/","title":{"rendered":"Katal\u00f3gusok"},"content":{"rendered":"<div class=\"row \"><div class=\"span12 \"><strong>A katal\u00f3gusaink gyors megtekint\u00e9s\u00e9hez k\u00e9rj\u00fck kattintson a k\u00e9pekre.<\/strong><\/div><\/div><!-- .row (end) -->\n<div class=\"row \"><div class=\"span6 \"><a href=\"https:\/\/alexbutor.hu\/informatika\/katalogusok\/okostanterem\/\"><img loading=\"lazy\" decoding=\"async\" src=\"https:\/\/alexbutor.hu\/informatika\/wp-content\/uploads\/2023\/06\/2_latvany_okos_mailing2.png\" alt=\"\" width=\"604\" height=\"379\" class=\"alignnone size-large\" \/><\/a><\/p>\n<h3>Okostanterem<\/h3>\n<p><a href=\"https:\/\/alexbutor.hu\/informatika\/wp-content\/uploads\/2023\/02\/2022_ISKOLA_KAT_Plus-1.pdf\" target=\"_blank\" rel=\"noopener noreferrer\"><\/p>\n<p>PDF let\u00f6lt\u00e9s<\/p>\n<p><\/a><br \/><\/div>\n<div class=\"span6 \"><a href=\"https:\/\/alexbutor.hu\/informatika\/katalogusok\/2023-1-iskolabutor-katalogus\/\"><img decoding=\"async\" src=\"https:\/\/alexbutor.hu\/informatika\/wp-content\/uploads\/2023\/06\/elokep_latvany-bigres.png\" class=\"aligncenter size-large wp-image-60107\" \/><\/a><\/p>\n<h3>ISKOLAB\u00daTOR KATAL\u00d3GUS 2023<\/h3>\n<p><a href=\"https:\/\/alexbutor.hu\/informatika\/wp-content\/uploads\/2023\/06\/2023_iskola_katalogus_webre.pdf\" target=\"_blank\" rel=\"noopener noreferrer\"><\/p>\n<p>PDF let\u00f6lt\u00e9s<\/p>\n<p><\/a><br \/><\/div><\/div><!-- .row (end) -->\n<div class=\"spacer\"><\/div><!-- .spacer (end) -->\n","protected":false},"excerpt":{"rendered":"","protected":false},"author":1,"featured_media":0,"parent":0,"menu_order":0,"comment_status":"closed","ping_status":"closed","template":"page-fullwidth.php","meta":{"footnotes":""},"class_list":["post-18","page","type-page","status-publish","hentry"],"yoast_head":"<!-- This site is optimized with the Yoast SEO plugin v23.5 - https:\/\/yoast.com\/wordpress\/plugins\/seo\/ -->\n<title>Katal\u00f3gusok - Informatika<\/title>\n<meta name=\"description\" content=\"Lapozza \u00e1t b\u00fatorkatal\u00f3gusainkat \u00e9s k\u00e9rjen szem\u00e9lyre szabott aj\u00e1nlatot vend\u00e9gl\u00e1t\u00f3helye, sz\u00e1llod\u00e1ja vagy c\u00e9ge sz\u00e1m\u00e1ra. Ingyenes, helysz\u00edni tan\u00e1csad\u00e1ssal seg\u00edtj\u00fck!\" \/>\n<meta name=\"robots\" content=\"index, follow, max-snippet:-1, max-image-preview:large, max-video-preview:-1\" \/>\n<link rel=\"canonical\" href=\"https:\/\/alexbutor.hu\/informatika\/katalogusok\/\" \/>\n<meta property=\"og:locale\" content=\"hu_HU\" \/>\n<meta property=\"og:type\" content=\"article\" \/>\n<meta property=\"og:title\" content=\"Katal\u00f3gusok - Informatika\" \/>\n<meta property=\"og:description\" content=\"Lapozza \u00e1t b\u00fatorkatal\u00f3gusainkat \u00e9s k\u00e9rjen szem\u00e9lyre szabott aj\u00e1nlatot vend\u00e9gl\u00e1t\u00f3helye, sz\u00e1llod\u00e1ja vagy c\u00e9ge sz\u00e1m\u00e1ra. Ingyenes, helysz\u00edni tan\u00e1csad\u00e1ssal seg\u00edtj\u00fck!\" \/>\n<meta property=\"og:url\" content=\"https:\/\/alexbutor.hu\/informatika\/katalogusok\/\" \/>\n<meta property=\"og:site_name\" content=\"Informatika\" \/>\n<meta property=\"article:modified_time\" content=\"2023-06-08T14:28:20+00:00\" \/>\n<meta property=\"og:image\" content=\"https:\/\/alexbutor.hu\/informatika\/wp-content\/uploads\/2023\/06\/2_latvany_okos_mailing2.png\" \/>\n<meta name=\"twitter:card\" content=\"summary_large_image\" \/>\n<script type=\"application\/ld+json\" class=\"yoast-schema-graph\">{\"@context\":\"https:\/\/schema.org\",\"@graph\":[{\"@type\":\"WebPage\",\"@id\":\"https:\/\/alexbutor.hu\/informatika\/katalogusok\/\",\"url\":\"https:\/\/alexbutor.hu\/informatika\/katalogusok\/\",\"name\":\"Katal\u00f3gusok - Informatika\",\"isPartOf\":{\"@id\":\"https:\/\/alexbutor.hu\/informatika\/#website\"},\"primaryImageOfPage\":{\"@id\":\"https:\/\/alexbutor.hu\/informatika\/katalogusok\/#primaryimage\"},\"image\":{\"@id\":\"https:\/\/alexbutor.hu\/informatika\/katalogusok\/#primaryimage\"},\"thumbnailUrl\":\"https:\/\/alexbutor.hu\/informatika\/wp-content\/uploads\/2023\/06\/2_latvany_okos_mailing2.png\",\"datePublished\":\"2016-06-08T07:58:17+00:00\",\"dateModified\":\"2023-06-08T14:28:20+00:00\",\"description\":\"Lapozza \u00e1t b\u00fatorkatal\u00f3gusainkat \u00e9s k\u00e9rjen szem\u00e9lyre szabott aj\u00e1nlatot vend\u00e9gl\u00e1t\u00f3helye, sz\u00e1llod\u00e1ja vagy c\u00e9ge sz\u00e1m\u00e1ra. Ingyenes, helysz\u00edni tan\u00e1csad\u00e1ssal seg\u00edtj\u00fck!\",\"breadcrumb\":{\"@id\":\"https:\/\/alexbutor.hu\/informatika\/katalogusok\/#breadcrumb\"},\"inLanguage\":\"hu\",\"potentialAction\":[{\"@type\":\"ReadAction\",\"target\":[\"https:\/\/alexbutor.hu\/informatika\/katalogusok\/\"]}]},{\"@type\":\"ImageObject\",\"inLanguage\":\"hu\",\"@id\":\"https:\/\/alexbutor.hu\/informatika\/katalogusok\/#primaryimage\",\"url\":\"https:\/\/alexbutor.hu\/informatika\/wp-content\/uploads\/2023\/06\/2_latvany_okos_mailing2.png\",\"contentUrl\":\"https:\/\/alexbutor.hu\/informatika\/wp-content\/uploads\/2023\/06\/2_latvany_okos_mailing2.png\",\"width\":1200,\"height\":754},{\"@type\":\"BreadcrumbList\",\"@id\":\"https:\/\/alexbutor.hu\/informatika\/katalogusok\/#breadcrumb\",\"itemListElement\":[{\"@type\":\"ListItem\",\"position\":1,\"name\":\"Home\",\"item\":\"https:\/\/alexbutor.hu\/informatika\/\"},{\"@type\":\"ListItem\",\"position\":2,\"name\":\"Katal\u00f3gusok\"}]},{\"@type\":\"WebSite\",\"@id\":\"https:\/\/alexbutor.hu\/informatika\/#website\",\"url\":\"https:\/\/alexbutor.hu\/informatika\/\",\"name\":\"Informatika\",\"description\":\"Minden t\u00e9rben megold\u00e1s\",\"potentialAction\":[{\"@type\":\"SearchAction\",\"target\":{\"@type\":\"EntryPoint\",\"urlTemplate\":\"https:\/\/alexbutor.hu\/informatika\/?s={search_term_string}\"},\"query-input\":{\"@type\":\"PropertyValueSpecification\",\"valueRequired\":true,\"valueName\":\"search_term_string\"}}],\"inLanguage\":\"hu\"}]}<\/script>\n<!-- \/ Yoast SEO plugin. -->","yoast_head_json":{"title":"Katal\u00f3gusok - Informatika","description":"Lapozza \u00e1t b\u00fatorkatal\u00f3gusainkat \u00e9s k\u00e9rjen szem\u00e9lyre szabott aj\u00e1nlatot vend\u00e9gl\u00e1t\u00f3helye, sz\u00e1llod\u00e1ja vagy c\u00e9ge sz\u00e1m\u00e1ra. Ingyenes, helysz\u00edni tan\u00e1csad\u00e1ssal seg\u00edtj\u00fck!","robots":{"index":"index","follow":"follow","max-snippet":"max-snippet:-1","max-image-preview":"max-image-preview:large","max-video-preview":"max-video-preview:-1"},"canonical":"https:\/\/alexbutor.hu\/informatika\/katalogusok\/","og_locale":"hu_HU","og_type":"article","og_title":"Katal\u00f3gusok - Informatika","og_description":"Lapozza \u00e1t b\u00fatorkatal\u00f3gusainkat \u00e9s k\u00e9rjen szem\u00e9lyre szabott aj\u00e1nlatot vend\u00e9gl\u00e1t\u00f3helye, sz\u00e1llod\u00e1ja vagy c\u00e9ge sz\u00e1m\u00e1ra. Ingyenes, helysz\u00edni tan\u00e1csad\u00e1ssal seg\u00edtj\u00fck!","og_url":"https:\/\/alexbutor.hu\/informatika\/katalogusok\/","og_site_name":"Informatika","article_modified_time":"2023-06-08T14:28:20+00:00","og_image":[{"url":"https:\/\/alexbutor.hu\/informatika\/wp-content\/uploads\/2023\/06\/2_latvany_okos_mailing2.png"}],"twitter_card":"summary_large_image","schema":{"@context":"https:\/\/schema.org","@graph":[{"@type":"WebPage","@id":"https:\/\/alexbutor.hu\/informatika\/katalogusok\/","url":"https:\/\/alexbutor.hu\/informatika\/katalogusok\/","name":"Katal\u00f3gusok - Informatika","isPartOf":{"@id":"https:\/\/alexbutor.hu\/informatika\/#website"},"primaryImageOfPage":{"@id":"https:\/\/alexbutor.hu\/informatika\/katalogusok\/#primaryimage"},"image":{"@id":"https:\/\/alexbutor.hu\/informatika\/katalogusok\/#primaryimage"},"thumbnailUrl":"https:\/\/alexbutor.hu\/informatika\/wp-content\/uploads\/2023\/06\/2_latvany_okos_mailing2.png","datePublished":"2016-06-08T07:58:17+00:00","dateModified":"2023-06-08T14:28:20+00:00","description":"Lapozza \u00e1t b\u00fatorkatal\u00f3gusainkat \u00e9s k\u00e9rjen szem\u00e9lyre szabott aj\u00e1nlatot vend\u00e9gl\u00e1t\u00f3helye, sz\u00e1llod\u00e1ja vagy c\u00e9ge sz\u00e1m\u00e1ra. Ingyenes, helysz\u00edni tan\u00e1csad\u00e1ssal seg\u00edtj\u00fck!","breadcrumb":{"@id":"https:\/\/alexbutor.hu\/informatika\/katalogusok\/#breadcrumb"},"inLanguage":"hu","potentialAction":[{"@type":"ReadAction","target":["https:\/\/alexbutor.hu\/informatika\/katalogusok\/"]}]},{"@type":"ImageObject","inLanguage":"hu","@id":"https:\/\/alexbutor.hu\/informatika\/katalogusok\/#primaryimage","url":"https:\/\/alexbutor.hu\/informatika\/wp-content\/uploads\/2023\/06\/2_latvany_okos_mailing2.png","contentUrl":"https:\/\/alexbutor.hu\/informatika\/wp-content\/uploads\/2023\/06\/2_latvany_okos_mailing2.png","width":1200,"height":754},{"@type":"BreadcrumbList","@id":"https:\/\/alexbutor.hu\/informatika\/katalogusok\/#breadcrumb","itemListElement":[{"@type":"ListItem","position":1,"name":"Home","item":"https:\/\/alexbutor.hu\/informatika\/"},{"@type":"ListItem","position":2,"name":"Katal\u00f3gusok"}]},{"@type":"WebSite","@id":"https:\/\/alexbutor.hu\/informatika\/#website","url":"https:\/\/alexbutor.hu\/informatika\/","name":"Informatika","description":"Minden t\u00e9rben megold\u00e1s","potentialAction":[{"@type":"SearchAction","target":{"@type":"EntryPoint","urlTemplate":"https:\/\/alexbutor.hu\/informatika\/?s={search_term_string}"},"query-input":{"@type":"PropertyValueSpecification","valueRequired":true,"valueName":"search_term_string"}}],"inLanguage":"hu"}]}},"_links":{"self":[{"href":"https:\/\/alexbutor.hu\/informatika\/wp-json\/wp\/v2\/pages\/18"}],"collection":[{"href":"https:\/\/alexbutor.hu\/informatika\/wp-json\/wp\/v2\/pages"}],"about":[{"href":"https:\/\/alexbutor.hu\/informatika\/wp-json\/wp\/v2\/types\/page"}],"author":[{"embeddable":true,"href":"https:\/\/alexbutor.hu\/informatika\/wp-json\/wp\/v2\/users\/1"}],"replies":[{"embeddable":true,"href":"https:\/\/alexbutor.hu\/informatika\/wp-json\/wp\/v2\/comments?post=18"}],"version-history":[{"count":4,"href":"https:\/\/alexbutor.hu\/informatika\/wp-json\/wp\/v2\/pages\/18\/revisions"}],"predecessor-version":[{"id":62042,"href":"https:\/\/alexbutor.hu\/informatika\/wp-json\/wp\/v2\/pages\/18\/revisions\/62042"}],"wp:attachment":[{"href":"https:\/\/alexbutor.hu\/informatika\/wp-json\/wp\/v2\/media?parent=18"}],"curies":[{"name":"wp","href":"https:\/\/api.w.org\/{rel}","templated":true}]}}