{"id":59091,"date":"2018-02-24T09:15:11","date_gmt":"2018-02-24T09:15:11","guid":{"rendered":"http:\/\/alexbutor.hu\/informatika\/?page_id=59091"},"modified":"2021-06-16T17:26:55","modified_gmt":"2021-06-16T16:26:55","slug":"interaktiv-kiegeszitok","status":"publish","type":"page","link":"https:\/\/alexbutor.hu\/informatika\/kategoriak\/interaktiv-kiegeszitok\/","title":{"rendered":"Interakt\u00edv kieg\u00e9sz\u00edt\u0151k"},"content":{"rendered":"","protected":false},"excerpt":{"rendered":"","protected":false},"author":1,"featured_media":59235,"parent":16,"menu_order":0,"comment_status":"closed","ping_status":"closed","template":"page-Portfolio4Cols-filterable.php","meta":{"footnotes":""},"class_list":["post-59091","page","type-page","status-publish","has-post-thumbnail","hentry"],"yoast_head":"<!-- This site is optimized with the Yoast SEO plugin v23.5 - https:\/\/yoast.com\/wordpress\/plugins\/seo\/ -->\n<title>Interakt\u00edv kieg\u00e9sz\u00edt\u0151k - Informatika<\/title>\n<meta name=\"robots\" content=\"index, follow, max-snippet:-1, max-image-preview:large, max-video-preview:-1\" \/>\n<link rel=\"canonical\" href=\"https:\/\/alexbutor.hu\/informatika\/kategoriak\/interaktiv-kiegeszitok\/\" \/>\n<meta property=\"og:locale\" content=\"hu_HU\" \/>\n<meta property=\"og:type\" content=\"article\" \/>\n<meta property=\"og:title\" content=\"Interakt\u00edv kieg\u00e9sz\u00edt\u0151k - Informatika\" \/>\n<meta property=\"og:url\" content=\"https:\/\/alexbutor.hu\/informatika\/kategoriak\/interaktiv-kiegeszitok\/\" \/>\n<meta property=\"og:site_name\" content=\"Informatika\" \/>\n<meta property=\"article:modified_time\" content=\"2021-06-16T16:26:55+00:00\" \/>\n<meta property=\"og:image\" content=\"https:\/\/alexbutor.hu\/informatika\/wp-content\/uploads\/2018\/03\/Informatika_08-Interaktiv_kiegeszitok.jpg\" \/>\n\t<meta property=\"og:image:width\" content=\"800\" \/>\n\t<meta property=\"og:image:height\" content=\"560\" \/>\n\t<meta property=\"og:image:type\" content=\"image\/jpeg\" \/>\n<meta name=\"twitter:card\" content=\"summary_large_image\" \/>\n<script type=\"application\/ld+json\" class=\"yoast-schema-graph\">{\"@context\":\"https:\/\/schema.org\",\"@graph\":[{\"@type\":\"WebPage\",\"@id\":\"https:\/\/alexbutor.hu\/informatika\/kategoriak\/interaktiv-kiegeszitok\/\",\"url\":\"https:\/\/alexbutor.hu\/informatika\/kategoriak\/interaktiv-kiegeszitok\/\",\"name\":\"Interakt\u00edv kieg\u00e9sz\u00edt\u0151k - Informatika\",\"isPartOf\":{\"@id\":\"https:\/\/alexbutor.hu\/informatika\/#website\"},\"primaryImageOfPage\":{\"@id\":\"https:\/\/alexbutor.hu\/informatika\/kategoriak\/interaktiv-kiegeszitok\/#primaryimage\"},\"image\":{\"@id\":\"https:\/\/alexbutor.hu\/informatika\/kategoriak\/interaktiv-kiegeszitok\/#primaryimage\"},\"thumbnailUrl\":\"https:\/\/alexbutor.hu\/informatika\/wp-content\/uploads\/2018\/03\/Informatika_08-Interaktiv_kiegeszitok.jpg\",\"datePublished\":\"2018-02-24T09:15:11+00:00\",\"dateModified\":\"2021-06-16T16:26:55+00:00\",\"breadcrumb\":{\"@id\":\"https:\/\/alexbutor.hu\/informatika\/kategoriak\/interaktiv-kiegeszitok\/#breadcrumb\"},\"inLanguage\":\"hu\",\"potentialAction\":[{\"@type\":\"ReadAction\",\"target\":[\"https:\/\/alexbutor.hu\/informatika\/kategoriak\/interaktiv-kiegeszitok\/\"]}]},{\"@type\":\"ImageObject\",\"inLanguage\":\"hu\",\"@id\":\"https:\/\/alexbutor.hu\/informatika\/kategoriak\/interaktiv-kiegeszitok\/#primaryimage\",\"url\":\"https:\/\/alexbutor.hu\/informatika\/wp-content\/uploads\/2018\/03\/Informatika_08-Interaktiv_kiegeszitok.jpg\",\"contentUrl\":\"https:\/\/alexbutor.hu\/informatika\/wp-content\/uploads\/2018\/03\/Informatika_08-Interaktiv_kiegeszitok.jpg\",\"width\":800,\"height\":560},{\"@type\":\"BreadcrumbList\",\"@id\":\"https:\/\/alexbutor.hu\/informatika\/kategoriak\/interaktiv-kiegeszitok\/#breadcrumb\",\"itemListElement\":[{\"@type\":\"ListItem\",\"position\":1,\"name\":\"Home\",\"item\":\"https:\/\/alexbutor.hu\/informatika\/\"},{\"@type\":\"ListItem\",\"position\":2,\"name\":\"Term\u00e9kek\",\"item\":\"https:\/\/alexbutor.hu\/informatika\/kategoriak\/\"},{\"@type\":\"ListItem\",\"position\":3,\"name\":\"Interakt\u00edv kieg\u00e9sz\u00edt\u0151k\"}]},{\"@type\":\"WebSite\",\"@id\":\"https:\/\/alexbutor.hu\/informatika\/#website\",\"url\":\"https:\/\/alexbutor.hu\/informatika\/\",\"name\":\"Informatika\",\"description\":\"Minden t\u00e9rben megold\u00e1s\",\"potentialAction\":[{\"@type\":\"SearchAction\",\"target\":{\"@type\":\"EntryPoint\",\"urlTemplate\":\"https:\/\/alexbutor.hu\/informatika\/?s={search_term_string}\"},\"query-input\":{\"@type\":\"PropertyValueSpecification\",\"valueRequired\":true,\"valueName\":\"search_term_string\"}}],\"inLanguage\":\"hu\"}]}<\/script>\n<!-- \/ Yoast SEO plugin. -->","yoast_head_json":{"title":"Interakt\u00edv kieg\u00e9sz\u00edt\u0151k - Informatika","robots":{"index":"index","follow":"follow","max-snippet":"max-snippet:-1","max-image-preview":"max-image-preview:large","max-video-preview":"max-video-preview:-1"},"canonical":"https:\/\/alexbutor.hu\/informatika\/kategoriak\/interaktiv-kiegeszitok\/","og_locale":"hu_HU","og_type":"article","og_title":"Interakt\u00edv kieg\u00e9sz\u00edt\u0151k - Informatika","og_url":"https:\/\/alexbutor.hu\/informatika\/kategoriak\/interaktiv-kiegeszitok\/","og_site_name":"Informatika","article_modified_time":"2021-06-16T16:26:55+00:00","og_image":[{"width":800,"height":560,"url":"https:\/\/alexbutor.hu\/informatika\/wp-content\/uploads\/2018\/03\/Informatika_08-Interaktiv_kiegeszitok.jpg","type":"image\/jpeg"}],"twitter_card":"summary_large_image","schema":{"@context":"https:\/\/schema.org","@graph":[{"@type":"WebPage","@id":"https:\/\/alexbutor.hu\/informatika\/kategoriak\/interaktiv-kiegeszitok\/","url":"https:\/\/alexbutor.hu\/informatika\/kategoriak\/interaktiv-kiegeszitok\/","name":"Interakt\u00edv kieg\u00e9sz\u00edt\u0151k - Informatika","isPartOf":{"@id":"https:\/\/alexbutor.hu\/informatika\/#website"},"primaryImageOfPage":{"@id":"https:\/\/alexbutor.hu\/informatika\/kategoriak\/interaktiv-kiegeszitok\/#primaryimage"},"image":{"@id":"https:\/\/alexbutor.hu\/informatika\/kategoriak\/interaktiv-kiegeszitok\/#primaryimage"},"thumbnailUrl":"https:\/\/alexbutor.hu\/informatika\/wp-content\/uploads\/2018\/03\/Informatika_08-Interaktiv_kiegeszitok.jpg","datePublished":"2018-02-24T09:15:11+00:00","dateModified":"2021-06-16T16:26:55+00:00","breadcrumb":{"@id":"https:\/\/alexbutor.hu\/informatika\/kategoriak\/interaktiv-kiegeszitok\/#breadcrumb"},"inLanguage":"hu","potentialAction":[{"@type":"ReadAction","target":["https:\/\/alexbutor.hu\/informatika\/kategoriak\/interaktiv-kiegeszitok\/"]}]},{"@type":"ImageObject","inLanguage":"hu","@id":"https:\/\/alexbutor.hu\/informatika\/kategoriak\/interaktiv-kiegeszitok\/#primaryimage","url":"https:\/\/alexbutor.hu\/informatika\/wp-content\/uploads\/2018\/03\/Informatika_08-Interaktiv_kiegeszitok.jpg","contentUrl":"https:\/\/alexbutor.hu\/informatika\/wp-content\/uploads\/2018\/03\/Informatika_08-Interaktiv_kiegeszitok.jpg","width":800,"height":560},{"@type":"BreadcrumbList","@id":"https:\/\/alexbutor.hu\/informatika\/kategoriak\/interaktiv-kiegeszitok\/#breadcrumb","itemListElement":[{"@type":"ListItem","position":1,"name":"Home","item":"https:\/\/alexbutor.hu\/informatika\/"},{"@type":"ListItem","position":2,"name":"Term\u00e9kek","item":"https:\/\/alexbutor.hu\/informatika\/kategoriak\/"},{"@type":"ListItem","position":3,"name":"Interakt\u00edv kieg\u00e9sz\u00edt\u0151k"}]},{"@type":"WebSite","@id":"https:\/\/alexbutor.hu\/informatika\/#website","url":"https:\/\/alexbutor.hu\/informatika\/","name":"Informatika","description":"Minden t\u00e9rben megold\u00e1s","potentialAction":[{"@type":"SearchAction","target":{"@type":"EntryPoint","urlTemplate":"https:\/\/alexbutor.hu\/informatika\/?s={search_term_string}"},"query-input":{"@type":"PropertyValueSpecification","valueRequired":true,"valueName":"search_term_string"}}],"inLanguage":"hu"}]}},"_links":{"self":[{"href":"https:\/\/alexbutor.hu\/informatika\/wp-json\/wp\/v2\/pages\/59091"}],"collection":[{"href":"https:\/\/alexbutor.hu\/informatika\/wp-json\/wp\/v2\/pages"}],"about":[{"href":"https:\/\/alexbutor.hu\/informatika\/wp-json\/wp\/v2\/types\/page"}],"author":[{"embeddable":true,"href":"https:\/\/alexbutor.hu\/informatika\/wp-json\/wp\/v2\/users\/1"}],"replies":[{"embeddable":true,"href":"https:\/\/alexbutor.hu\/informatika\/wp-json\/wp\/v2\/comments?post=59091"}],"version-history":[{"count":1,"href":"https:\/\/alexbutor.hu\/informatika\/wp-json\/wp\/v2\/pages\/59091\/revisions"}],"predecessor-version":[{"id":61479,"href":"https:\/\/alexbutor.hu\/informatika\/wp-json\/wp\/v2\/pages\/59091\/revisions\/61479"}],"up":[{"embeddable":true,"href":"https:\/\/alexbutor.hu\/informatika\/wp-json\/wp\/v2\/pages\/16"}],"wp:featuredmedia":[{"embeddable":true,"href":"https:\/\/alexbutor.hu\/informatika\/wp-json\/wp\/v2\/media\/59235"}],"wp:attachment":[{"href":"https:\/\/alexbutor.hu\/informatika\/wp-json\/wp\/v2\/media?parent=59091"}],"curies":[{"name":"wp","href":"https:\/\/api.w.org\/{rel}","templated":true}]}}