{"id":61384,"date":"2021-01-27T10:13:44","date_gmt":"2021-01-27T09:13:44","guid":{"rendered":"http:\/\/alexbutor.hu\/informatika\/?page_id=61384"},"modified":"2021-01-28T14:59:19","modified_gmt":"2021-01-28T13:59:19","slug":"interaktiv-kijelzok-raktarrol","status":"publish","type":"page","link":"https:\/\/alexbutor.hu\/informatika\/interaktiv-kijelzok-raktarrol\/","title":{"rendered":"Min\u0151s\u00e9gi informatikai szolg\u00e1ltat\u00e1sok"},"content":{"rendered":"<h3>INTERAKT\u00cdV KIJELZ\u0150K TELJES K\u00d6R\u0170 SZOLG\u00c1LTAT\u00c1SSAL<\/h3>\n<p>A Digit\u00e1lis Oktat\u00e1si Strat\u00e9gi\u00e1ban (DOS) fontos, hogy ne a hagyom\u00e1nyos oktat\u00e1s digit\u00e1lis eszk\u00f6z\u00f6kkel t\u00e1mogatott v\u00e1ltozata legyen, hanem egy olyan koncepci\u00f3, amely szeml\u00e9letm\u00f3dj\u00e1ban, m\u00f3dszertanaiban, k\u00f6vetelm\u00e9nyrendszer\u00e9ben is \u00faj oktat\u00e1si k\u00f6rnyezetet hoz l\u00e9tre. Ahhoz, hogy a kapcsolat z\u00f6kken\u0151mentes legyen, \u00e9s az informatika igazi seg\u00edts\u00e9get jelentsen, ne pedig probl\u00e9maforr\u00e1st, a lehet\u0151 legjobb eszk\u00f6z\u00f6kre, infrastrukt\u00far\u00e1ra \u00e9s min\u0151s\u00e9gi szolg\u00e1ltat\u00e1sokra (szaktan\u00e1csad\u00e1s, telep\u00edt\u00e9s, be\u00fczemel\u00e9s, oktat\u00e1s) \u00a0van sz\u00fcks\u00e9g. C\u00e9g\u00fcnk ebben tud seg\u00edts\u00e9get ny\u00fajtani az \u00d6n\u00f6k sz\u00e1m\u00e1ra.<\/p>\n<p><a href=\"https:\/\/alexbutor.hu\/informatika\/kategoriak\/oktatasi-megoldasok\/interaktiv-kijelzok\/\"><img loading=\"lazy\" decoding=\"async\" src=\"https:\/\/alexbutor.hu\/informatika\/wp-content\/uploads\/2021\/01\/Informatika_Slide_1920x722px4-2.jpg\" alt=\"\" width=\"1920\" height=\"722\" class=\"alignnone size-full wp-image-61386\" srcset=\"https:\/\/alexbutor.hu\/informatika\/wp-content\/uploads\/2021\/01\/Informatika_Slide_1920x722px4-2.jpg 1920w, https:\/\/alexbutor.hu\/informatika\/wp-content\/uploads\/2021\/01\/Informatika_Slide_1920x722px4-2-300x113.jpg 300w, https:\/\/alexbutor.hu\/informatika\/wp-content\/uploads\/2021\/01\/Informatika_Slide_1920x722px4-2-1024x385.jpg 1024w, https:\/\/alexbutor.hu\/informatika\/wp-content\/uploads\/2021\/01\/Informatika_Slide_1920x722px4-2-768x289.jpg 768w, https:\/\/alexbutor.hu\/informatika\/wp-content\/uploads\/2021\/01\/Informatika_Slide_1920x722px4-2-1536x578.jpg 1536w, https:\/\/alexbutor.hu\/informatika\/wp-content\/uploads\/2021\/01\/Informatika_Slide_1920x722px4-2-665x250.jpg 665w, https:\/\/alexbutor.hu\/informatika\/wp-content\/uploads\/2021\/01\/Informatika_Slide_1920x722px4-2-1330x500.jpg 1330w\" sizes=\"(max-width: 1920px) 100vw, 1920px\" \/><\/a><\/p>\n<h3>Helysz\u00edni szaktan\u00e1csad\u00e1s<\/h3>\n<p>Milyen lenne, ha az informatikai rendszer maxim\u00e1lisan az \u00d6n\u00f6k szolg\u00e1lat\u00e1ban \u00e1llna? Seg\u00edtene a c\u00e9lok el\u00e9r\u00e9s\u00e9ben \u00e9s hat\u00e9konyabb\u00e1 t\u00e9tel\u00e9ben? Megb\u00edz\u00f3inkkal k\u00f6z\u00f6sen, nagy k\u00f6r\u00fcltekint\u00e9ssel m\u00e9rj\u00fck fel \u00e9s alak\u00edtjuk ki a legjobb megold\u00e1st az oktat\u00e1si \u00e9s \u00fczleti sz\u00fcks\u00e9gletek alapj\u00e1n. Legyen sz\u00f3 b\u0151v\u00edt\u00e9sr\u0151l, vagy \u00faj rendszer ki\u00e9p\u00edt\u00e9s\u00e9r\u0151l, teljes k\u00f6r\u0171 szolg\u00e1ltat\u00e1st ny\u00fajtunk az eszk\u00f6z kiv\u00e1laszt\u00e1s\u00e1t\u00f3l kezd\u0151d\u0151en a beszerz\u00e9sen \u00e1t eg\u00e9szen a kulcsrak\u00e9sz be\u00fczemel\u00e9sig.<\/p>\n<h3>Szem\u00e9lyesen a bemutat\u00f3term\u00fcnkben<\/h3>\n<p>Nem szeretne l\u00e1tatlanban d\u00f6nteni? Telefonos egyeztet\u00e9st k\u00f6vet\u0151en zs\u00e1mb\u00e9ki bemutat\u00f3term\u00fcnkben megtal\u00e1lhat\u00f3ak Mimio, Helgi interakt\u00edv kijelz\u0151k, Mimio interakt\u00edv t\u00e1bl\u00e1k, ultra k\u00f6zeli vet\u00edt\u00e9s\u0171 \u2013 ultrak\u00f6zeli \u00e9s interakt\u00edv projektorok, SmartClass digit\u00e1lis nyelvi labor, laptop \u00e9s tablet t\u00f6lt\u0151 szekr\u00e9nyek, dokumentum kamer\u00e1k, \u00e1llv\u00e1nyok \u00e9s kieg\u00e9sz\u00edt\u0151k.<\/p>\n<h3>Szakszer\u0171 sz\u00e1ll\u00edt\u00e1s \u00e9s be\u00fczemel\u00e9s<\/h3>\n<p>Saj\u00e1t g\u00e9pkocsiparkunk a rugalmas sz\u00e1ll\u00edt\u00e1si fel\u00e9telek garanci\u00e1j\u00e1t ny\u00fajtja. Nem s\u00e9r\u00fcl, nem karcol\u00f3dik, mert saj\u00e1tunkk\u00e9nt vigy\u00e1zunk informatikai eszk\u00f6zeinkre. Ig\u00e9ny eset\u00e9n a sz\u00e1ll\u00edt\u00e1s mellett szak\u00e9rt\u0151 csapatunk a hib\u00e1tlan \u00f6sszeszerel\u00e9st, be\u00fczemel\u00e9st is biztos\u00edtani tudja.<\/p>\n<h3>Haszn\u00e1lati oktat\u00e1s<\/h3>\n<p>Eszk\u00f6zeink egyszer\u0171en haszn\u00e1lhat\u00f3ak, kezelhet\u0151ek, viszont a lakoss\u00e1gban ritk\u00e1n fordulnak el\u0151. Az interakt\u00edv kijelz\u0151k, ultra k\u00f6zeli vet\u00edt\u00e9s\u0171 interakt\u00edv t\u00e1bl\u00e1k, oktat\u00e1si szoftverek mind-mind rejtenek olyan funkci\u00f3t, amelyekkel az \u00e1tlagos felhaszn\u00e1l\u00f3k m\u00e9g nem tal\u00e1lkoztak, ez\u00e9rt sz\u00fcks\u00e9gszer\u0171 egy haszn\u00e1lati tr\u00e9ning.<\/p>\n<h3>Helpdesk<\/h3>\n<p>Az oktat\u00e1st k\u00f6vet\u0151en csapatunk tov\u00e1bbra is rendelkez\u00e9sre \u00e1ll azokra az esetekre amikor az \u201e\u00e9les\u201d haszn\u00e1lat sor\u00e1n mer\u00fclnek fel k\u00e9rd\u00e9sek.<\/p>\n<p><a href=\"https:\/\/alexbutor.hu\/informatika\/kapcsolat\/\"><img loading=\"lazy\" decoding=\"async\" src=\"https:\/\/alexbutor.hu\/informatika\/wp-content\/uploads\/2021\/01\/Informatika_Slide_1920x722px4-1.jpg\" alt=\"\" width=\"1920\" height=\"722\" class=\"alignnone size-full wp-image-61385\" srcset=\"https:\/\/alexbutor.hu\/informatika\/wp-content\/uploads\/2021\/01\/Informatika_Slide_1920x722px4-1.jpg 1920w, https:\/\/alexbutor.hu\/informatika\/wp-content\/uploads\/2021\/01\/Informatika_Slide_1920x722px4-1-300x113.jpg 300w, https:\/\/alexbutor.hu\/informatika\/wp-content\/uploads\/2021\/01\/Informatika_Slide_1920x722px4-1-1024x385.jpg 1024w, https:\/\/alexbutor.hu\/informatika\/wp-content\/uploads\/2021\/01\/Informatika_Slide_1920x722px4-1-768x289.jpg 768w, https:\/\/alexbutor.hu\/informatika\/wp-content\/uploads\/2021\/01\/Informatika_Slide_1920x722px4-1-1536x578.jpg 1536w, https:\/\/alexbutor.hu\/informatika\/wp-content\/uploads\/2021\/01\/Informatika_Slide_1920x722px4-1-665x250.jpg 665w, https:\/\/alexbutor.hu\/informatika\/wp-content\/uploads\/2021\/01\/Informatika_Slide_1920x722px4-1-1330x500.jpg 1330w\" sizes=\"(max-width: 1920px) 100vw, 1920px\" \/><\/a><\/p>\n","protected":false},"excerpt":{"rendered":"<p>INTERAKT\u00cdV KIJELZ\u0150K TELJES K\u00d6R\u0170 SZOLG\u00c1LTAT\u00c1SSAL A Digit\u00e1lis Oktat\u00e1si Strat\u00e9gi\u00e1ban (DOS) fontos, hogy ne a hagyom\u00e1nyos oktat\u00e1s digit\u00e1lis eszk\u00f6z\u00f6kkel t\u00e1mogatott v\u00e1ltozata legyen, hanem egy olyan koncepci\u00f3, amely szeml\u00e9letm\u00f3dj\u00e1ban, m\u00f3dszertanaiban, k\u00f6vetelm\u00e9nyrendszer\u00e9ben is \u00faj oktat\u00e1si k\u00f6rnyezetet hoz l\u00e9tre. Ahhoz, hogy a kapcsolat z\u00f6kken\u0151mentes legyen, \u00e9s az informatika igazi seg\u00edts\u00e9get jelentsen, ne pedig probl\u00e9maforr\u00e1st, a lehet\u0151 legjobb eszk\u00f6z\u00f6kre, infrastrukt\u00far\u00e1ra \u00e9s min\u0151s\u00e9gi szolg\u00e1ltat\u00e1sokra (szaktan\u00e1csad\u00e1s, telep\u00edt\u00e9s,&nbsp;<a href=\"https:\/\/alexbutor.hu\/informatika\/interaktiv-kijelzok-raktarrol\/\" class=\"read-more\">...<\/a><\/p>\n","protected":false},"author":1,"featured_media":61386,"parent":0,"menu_order":0,"comment_status":"closed","ping_status":"closed","template":"page-fullwidth.php","meta":{"footnotes":""},"class_list":["post-61384","page","type-page","status-publish","has-post-thumbnail","hentry"],"yoast_head":"<!-- This site is optimized with the Yoast SEO plugin v23.5 - https:\/\/yoast.com\/wordpress\/plugins\/seo\/ -->\n<title>Min\u0151s\u00e9gi informatikai szolg\u00e1ltat\u00e1sok - Informatika<\/title>\n<meta name=\"robots\" content=\"index, follow, max-snippet:-1, max-image-preview:large, max-video-preview:-1\" \/>\n<link rel=\"canonical\" href=\"https:\/\/alexbutor.hu\/informatika\/interaktiv-kijelzok-raktarrol\/\" \/>\n<meta property=\"og:locale\" content=\"hu_HU\" \/>\n<meta property=\"og:type\" content=\"article\" \/>\n<meta property=\"og:title\" content=\"Min\u0151s\u00e9gi informatikai szolg\u00e1ltat\u00e1sok - Informatika\" \/>\n<meta property=\"og:description\" content=\"INTERAKT\u00cdV KIJELZ\u0150K TELJES K\u00d6R\u0170 SZOLG\u00c1LTAT\u00c1SSAL A Digit\u00e1lis Oktat\u00e1si Strat\u00e9gi\u00e1ban (DOS) fontos, hogy ne a hagyom\u00e1nyos oktat\u00e1s digit\u00e1lis eszk\u00f6z\u00f6kkel t\u00e1mogatott v\u00e1ltozata legyen, hanem egy olyan koncepci\u00f3, amely szeml\u00e9letm\u00f3dj\u00e1ban, m\u00f3dszertanaiban, k\u00f6vetelm\u00e9nyrendszer\u00e9ben is \u00faj oktat\u00e1si k\u00f6rnyezetet hoz l\u00e9tre. Ahhoz, hogy a kapcsolat z\u00f6kken\u0151mentes legyen, \u00e9s az informatika igazi seg\u00edts\u00e9get jelentsen, ne pedig probl\u00e9maforr\u00e1st, a lehet\u0151 legjobb eszk\u00f6z\u00f6kre, infrastrukt\u00far\u00e1ra \u00e9s min\u0151s\u00e9gi szolg\u00e1ltat\u00e1sokra (szaktan\u00e1csad\u00e1s, telep\u00edt\u00e9s,&nbsp;...\" \/>\n<meta property=\"og:url\" content=\"https:\/\/alexbutor.hu\/informatika\/interaktiv-kijelzok-raktarrol\/\" \/>\n<meta property=\"og:site_name\" content=\"Informatika\" \/>\n<meta property=\"article:modified_time\" content=\"2021-01-28T13:59:19+00:00\" \/>\n<meta property=\"og:image\" content=\"https:\/\/alexbutor.hu\/informatika\/wp-content\/uploads\/2021\/01\/Informatika_Slide_1920x722px4-2.jpg\" \/>\n\t<meta property=\"og:image:width\" content=\"1920\" \/>\n\t<meta property=\"og:image:height\" content=\"722\" \/>\n\t<meta property=\"og:image:type\" content=\"image\/jpeg\" \/>\n<meta name=\"twitter:card\" content=\"summary_large_image\" \/>\n<meta name=\"twitter:label1\" content=\"Becs\u00fclt olvas\u00e1si id\u0151\" \/>\n\t<meta name=\"twitter:data1\" content=\"2 perc\" \/>\n<script type=\"application\/ld+json\" class=\"yoast-schema-graph\">{\"@context\":\"https:\/\/schema.org\",\"@graph\":[{\"@type\":\"WebPage\",\"@id\":\"https:\/\/alexbutor.hu\/informatika\/interaktiv-kijelzok-raktarrol\/\",\"url\":\"https:\/\/alexbutor.hu\/informatika\/interaktiv-kijelzok-raktarrol\/\",\"name\":\"Min\u0151s\u00e9gi informatikai szolg\u00e1ltat\u00e1sok - Informatika\",\"isPartOf\":{\"@id\":\"https:\/\/alexbutor.hu\/informatika\/#website\"},\"primaryImageOfPage\":{\"@id\":\"https:\/\/alexbutor.hu\/informatika\/interaktiv-kijelzok-raktarrol\/#primaryimage\"},\"image\":{\"@id\":\"https:\/\/alexbutor.hu\/informatika\/interaktiv-kijelzok-raktarrol\/#primaryimage\"},\"thumbnailUrl\":\"https:\/\/alexbutor.hu\/informatika\/wp-content\/uploads\/2021\/01\/Informatika_Slide_1920x722px4-2.jpg\",\"datePublished\":\"2021-01-27T09:13:44+00:00\",\"dateModified\":\"2021-01-28T13:59:19+00:00\",\"breadcrumb\":{\"@id\":\"https:\/\/alexbutor.hu\/informatika\/interaktiv-kijelzok-raktarrol\/#breadcrumb\"},\"inLanguage\":\"hu\",\"potentialAction\":[{\"@type\":\"ReadAction\",\"target\":[\"https:\/\/alexbutor.hu\/informatika\/interaktiv-kijelzok-raktarrol\/\"]}]},{\"@type\":\"ImageObject\",\"inLanguage\":\"hu\",\"@id\":\"https:\/\/alexbutor.hu\/informatika\/interaktiv-kijelzok-raktarrol\/#primaryimage\",\"url\":\"https:\/\/alexbutor.hu\/informatika\/wp-content\/uploads\/2021\/01\/Informatika_Slide_1920x722px4-2.jpg\",\"contentUrl\":\"https:\/\/alexbutor.hu\/informatika\/wp-content\/uploads\/2021\/01\/Informatika_Slide_1920x722px4-2.jpg\",\"width\":1920,\"height\":722},{\"@type\":\"BreadcrumbList\",\"@id\":\"https:\/\/alexbutor.hu\/informatika\/interaktiv-kijelzok-raktarrol\/#breadcrumb\",\"itemListElement\":[{\"@type\":\"ListItem\",\"position\":1,\"name\":\"Home\",\"item\":\"https:\/\/alexbutor.hu\/informatika\/\"},{\"@type\":\"ListItem\",\"position\":2,\"name\":\"Min\u0151s\u00e9gi informatikai szolg\u00e1ltat\u00e1sok\"}]},{\"@type\":\"WebSite\",\"@id\":\"https:\/\/alexbutor.hu\/informatika\/#website\",\"url\":\"https:\/\/alexbutor.hu\/informatika\/\",\"name\":\"Informatika\",\"description\":\"Minden t\u00e9rben megold\u00e1s\",\"potentialAction\":[{\"@type\":\"SearchAction\",\"target\":{\"@type\":\"EntryPoint\",\"urlTemplate\":\"https:\/\/alexbutor.hu\/informatika\/?s={search_term_string}\"},\"query-input\":{\"@type\":\"PropertyValueSpecification\",\"valueRequired\":true,\"valueName\":\"search_term_string\"}}],\"inLanguage\":\"hu\"}]}<\/script>\n<!-- \/ Yoast SEO plugin. -->","yoast_head_json":{"title":"Min\u0151s\u00e9gi informatikai szolg\u00e1ltat\u00e1sok - Informatika","robots":{"index":"index","follow":"follow","max-snippet":"max-snippet:-1","max-image-preview":"max-image-preview:large","max-video-preview":"max-video-preview:-1"},"canonical":"https:\/\/alexbutor.hu\/informatika\/interaktiv-kijelzok-raktarrol\/","og_locale":"hu_HU","og_type":"article","og_title":"Min\u0151s\u00e9gi informatikai szolg\u00e1ltat\u00e1sok - Informatika","og_description":"INTERAKT\u00cdV KIJELZ\u0150K TELJES K\u00d6R\u0170 SZOLG\u00c1LTAT\u00c1SSAL A Digit\u00e1lis Oktat\u00e1si Strat\u00e9gi\u00e1ban (DOS) fontos, hogy ne a hagyom\u00e1nyos oktat\u00e1s digit\u00e1lis eszk\u00f6z\u00f6kkel t\u00e1mogatott v\u00e1ltozata legyen, hanem egy olyan koncepci\u00f3, amely szeml\u00e9letm\u00f3dj\u00e1ban, m\u00f3dszertanaiban, k\u00f6vetelm\u00e9nyrendszer\u00e9ben is \u00faj oktat\u00e1si k\u00f6rnyezetet hoz l\u00e9tre. Ahhoz, hogy a kapcsolat z\u00f6kken\u0151mentes legyen, \u00e9s az informatika igazi seg\u00edts\u00e9get jelentsen, ne pedig probl\u00e9maforr\u00e1st, a lehet\u0151 legjobb eszk\u00f6z\u00f6kre, infrastrukt\u00far\u00e1ra \u00e9s min\u0151s\u00e9gi szolg\u00e1ltat\u00e1sokra (szaktan\u00e1csad\u00e1s, telep\u00edt\u00e9s,&nbsp;...","og_url":"https:\/\/alexbutor.hu\/informatika\/interaktiv-kijelzok-raktarrol\/","og_site_name":"Informatika","article_modified_time":"2021-01-28T13:59:19+00:00","og_image":[{"width":1920,"height":722,"url":"https:\/\/alexbutor.hu\/informatika\/wp-content\/uploads\/2021\/01\/Informatika_Slide_1920x722px4-2.jpg","type":"image\/jpeg"}],"twitter_card":"summary_large_image","twitter_misc":{"Becs\u00fclt olvas\u00e1si id\u0151":"2 perc"},"schema":{"@context":"https:\/\/schema.org","@graph":[{"@type":"WebPage","@id":"https:\/\/alexbutor.hu\/informatika\/interaktiv-kijelzok-raktarrol\/","url":"https:\/\/alexbutor.hu\/informatika\/interaktiv-kijelzok-raktarrol\/","name":"Min\u0151s\u00e9gi informatikai szolg\u00e1ltat\u00e1sok - Informatika","isPartOf":{"@id":"https:\/\/alexbutor.hu\/informatika\/#website"},"primaryImageOfPage":{"@id":"https:\/\/alexbutor.hu\/informatika\/interaktiv-kijelzok-raktarrol\/#primaryimage"},"image":{"@id":"https:\/\/alexbutor.hu\/informatika\/interaktiv-kijelzok-raktarrol\/#primaryimage"},"thumbnailUrl":"https:\/\/alexbutor.hu\/informatika\/wp-content\/uploads\/2021\/01\/Informatika_Slide_1920x722px4-2.jpg","datePublished":"2021-01-27T09:13:44+00:00","dateModified":"2021-01-28T13:59:19+00:00","breadcrumb":{"@id":"https:\/\/alexbutor.hu\/informatika\/interaktiv-kijelzok-raktarrol\/#breadcrumb"},"inLanguage":"hu","potentialAction":[{"@type":"ReadAction","target":["https:\/\/alexbutor.hu\/informatika\/interaktiv-kijelzok-raktarrol\/"]}]},{"@type":"ImageObject","inLanguage":"hu","@id":"https:\/\/alexbutor.hu\/informatika\/interaktiv-kijelzok-raktarrol\/#primaryimage","url":"https:\/\/alexbutor.hu\/informatika\/wp-content\/uploads\/2021\/01\/Informatika_Slide_1920x722px4-2.jpg","contentUrl":"https:\/\/alexbutor.hu\/informatika\/wp-content\/uploads\/2021\/01\/Informatika_Slide_1920x722px4-2.jpg","width":1920,"height":722},{"@type":"BreadcrumbList","@id":"https:\/\/alexbutor.hu\/informatika\/interaktiv-kijelzok-raktarrol\/#breadcrumb","itemListElement":[{"@type":"ListItem","position":1,"name":"Home","item":"https:\/\/alexbutor.hu\/informatika\/"},{"@type":"ListItem","position":2,"name":"Min\u0151s\u00e9gi informatikai szolg\u00e1ltat\u00e1sok"}]},{"@type":"WebSite","@id":"https:\/\/alexbutor.hu\/informatika\/#website","url":"https:\/\/alexbutor.hu\/informatika\/","name":"Informatika","description":"Minden t\u00e9rben megold\u00e1s","potentialAction":[{"@type":"SearchAction","target":{"@type":"EntryPoint","urlTemplate":"https:\/\/alexbutor.hu\/informatika\/?s={search_term_string}"},"query-input":{"@type":"PropertyValueSpecification","valueRequired":true,"valueName":"search_term_string"}}],"inLanguage":"hu"}]}},"_links":{"self":[{"href":"https:\/\/alexbutor.hu\/informatika\/wp-json\/wp\/v2\/pages\/61384"}],"collection":[{"href":"https:\/\/alexbutor.hu\/informatika\/wp-json\/wp\/v2\/pages"}],"about":[{"href":"https:\/\/alexbutor.hu\/informatika\/wp-json\/wp\/v2\/types\/page"}],"author":[{"embeddable":true,"href":"https:\/\/alexbutor.hu\/informatika\/wp-json\/wp\/v2\/users\/1"}],"replies":[{"embeddable":true,"href":"https:\/\/alexbutor.hu\/informatika\/wp-json\/wp\/v2\/comments?post=61384"}],"version-history":[{"count":3,"href":"https:\/\/alexbutor.hu\/informatika\/wp-json\/wp\/v2\/pages\/61384\/revisions"}],"predecessor-version":[{"id":61399,"href":"https:\/\/alexbutor.hu\/informatika\/wp-json\/wp\/v2\/pages\/61384\/revisions\/61399"}],"wp:featuredmedia":[{"embeddable":true,"href":"https:\/\/alexbutor.hu\/informatika\/wp-json\/wp\/v2\/media\/61386"}],"wp:attachment":[{"href":"https:\/\/alexbutor.hu\/informatika\/wp-json\/wp\/v2\/media?parent=61384"}],"curies":[{"name":"wp","href":"https:\/\/api.w.org\/{rel}","templated":true}]}}