{"id":114098,"date":"2021-07-20T10:43:22","date_gmt":"2021-07-20T09:43:22","guid":{"rendered":"http:\/\/alexbutor.hu\/iskolabutor\/?page_id=114098"},"modified":"2021-07-26T10:56:50","modified_gmt":"2021-07-26T09:56:50","slug":"duran-asztalok","status":"publish","type":"page","link":"https:\/\/alexbutor.hu\/iskolabutor\/kategoriak\/tobbfunkcios-ter\/duran-asztalok\/","title":{"rendered":"Duran asztalok"},"content":{"rendered":"<div class=\"yt-row\">\n<div class=\"yt-subrow yt-subrow1\">\n<iframe loading=\"lazy\" width=\"448\" height=\"252\" src=\"https:\/\/www.youtube.com\/embed\/qJ8EB4b6dhY\" frameborder=\"0\" allow=\"accelerometer; autoplay; clipboard-write; encrypted-media; gyroscope; picture-in-picture\" allowfullscreen><\/iframe>\n<\/div>\n<div class=\"yt-subrow yt-subrow2\">\n<p>A Dur\u00e1n asztalok k\u00f6z\u00f6ss\u00e9gform\u00e1l\u00f3ak, nagym\u00e9rt\u00e9k\u0171 rugalmass\u00e1got biztos\u00edtanak. A k\u00f6z\u00f6ss\u00e9gi terek, tan\u00e1ri pihen\u0151k eset\u00e9ben egyre n\u00e9pszer\u0171bb \u00e9s sz\u00e9lesk\u00f6r\u0171 megold\u00e1sokat biztos\u00edtanak a megfelel\u0151 t\u00e9r kialak\u00edt\u00e1s\u00e1ra. A di\u00e1kok \u00e9s a tan\u00e1rok k\u00e9nyelmessebben \u00e9s otthonosabban \u00e9rezhetik magukat a Dur\u00e1n term\u00e9kcsal\u00e1d b\u00fatorainak felhaszn\u00e1l\u00e1s\u00e1val. K\u00fcl\u00f6nf\u00e9le munkater\u00fcleteket hozhatnak l\u00e9tre - a h\u00e9tk\u00f6znapi nyugodtabb helyis\u00e9gekt\u0151l a hatalmas terekkel rendelkez\u0151 aul\u00e1kon \u00e1t az \u00e9tkez\u0151kig. Mindezek mellett praktikus eleme lehet egy kis l\u00e9tsz\u00e1mos projekt megbesz\u00e9l\u00e9snek is, ahol k\u00f6tetlen\u00fcl a klasszikus form\u00e1kt\u00f3l elrugaszkodva mindenki kreat\u00edv r\u00e9szvev\u0151je lehet a k\u00f6z\u00f6sen elt\u00f6lt\u00f6tt id\u0151nek.<\/p>\n<\/div>\n<\/div>\n","protected":false},"excerpt":{"rendered":"<p>A Dur\u00e1n asztalok k\u00f6z\u00f6ss\u00e9gform\u00e1l\u00f3ak, nagym\u00e9rt\u00e9k\u0171 rugalmass\u00e1got biztos\u00edtanak. A k\u00f6z\u00f6ss\u00e9gi terek, tan\u00e1ri pihen\u0151k eset\u00e9ben egyre n\u00e9pszer\u0171bb \u00e9s sz\u00e9lesk\u00f6r\u0171 megold\u00e1sokat biztos\u00edtanak a megfelel\u0151 t\u00e9r kialak\u00edt\u00e1s\u00e1ra. A di\u00e1kok \u00e9s a tan\u00e1rok k\u00e9nyelmessebben \u00e9s otthonosabban \u00e9rezhetik magukat a Dur\u00e1n term\u00e9kcsal\u00e1d b\u00fatorainak felhaszn\u00e1l\u00e1s\u00e1val. K\u00fcl\u00f6nf\u00e9le munkater\u00fcleteket hozhatnak l\u00e9tre - a h\u00e9tk\u00f6znapi nyugodtabb helyis\u00e9gekt\u0151l a hatalmas terekkel rendelkez\u0151 aul\u00e1kon \u00e1t az \u00e9tkez\u0151kig. Mindezek mellett praktikus eleme lehet&nbsp;<a href=\"https:\/\/alexbutor.hu\/iskolabutor\/kategoriak\/tobbfunkcios-ter\/duran-asztalok\/\" class=\"read-more\">...<\/a><\/p>\n","protected":false},"author":3,"featured_media":114092,"parent":101506,"menu_order":0,"comment_status":"closed","ping_status":"closed","template":"page-Portfolio4Cols-filterable.php","meta":{"footnotes":""},"class_list":["post-114098","page","type-page","status-publish","has-post-thumbnail","hentry"],"yoast_head":"<!-- This site is optimized with the Yoast SEO plugin v23.5 - https:\/\/yoast.com\/wordpress\/plugins\/seo\/ -->\n<title>Duran asztalok - Iskolab\u00fator<\/title>\n<meta name=\"robots\" content=\"index, follow, max-snippet:-1, max-image-preview:large, max-video-preview:-1\" \/>\n<link rel=\"canonical\" href=\"https:\/\/alexbutor.hu\/iskolabutor\/kategoriak\/tobbfunkcios-ter\/duran-asztalok\/\" \/>\n<meta property=\"og:locale\" content=\"hu_HU\" \/>\n<meta property=\"og:type\" content=\"article\" \/>\n<meta property=\"og:title\" content=\"Duran asztalok - Iskolab\u00fator\" \/>\n<meta property=\"og:description\" content=\"A Dur\u00e1n asztalok k\u00f6z\u00f6ss\u00e9gform\u00e1l\u00f3ak, nagym\u00e9rt\u00e9k\u0171 rugalmass\u00e1got biztos\u00edtanak. A k\u00f6z\u00f6ss\u00e9gi terek, tan\u00e1ri pihen\u0151k eset\u00e9ben egyre n\u00e9pszer\u0171bb \u00e9s sz\u00e9lesk\u00f6r\u0171 megold\u00e1sokat biztos\u00edtanak a megfelel\u0151 t\u00e9r kialak\u00edt\u00e1s\u00e1ra. A di\u00e1kok \u00e9s a tan\u00e1rok k\u00e9nyelmessebben \u00e9s otthonosabban \u00e9rezhetik magukat a Dur\u00e1n term\u00e9kcsal\u00e1d b\u00fatorainak felhaszn\u00e1l\u00e1s\u00e1val. K\u00fcl\u00f6nf\u00e9le munkater\u00fcleteket hozhatnak l\u00e9tre - a h\u00e9tk\u00f6znapi nyugodtabb helyis\u00e9gekt\u0151l a hatalmas terekkel rendelkez\u0151 aul\u00e1kon \u00e1t az \u00e9tkez\u0151kig. Mindezek mellett praktikus eleme lehet&nbsp;...\" \/>\n<meta property=\"og:url\" content=\"https:\/\/alexbutor.hu\/iskolabutor\/kategoriak\/tobbfunkcios-ter\/duran-asztalok\/\" \/>\n<meta property=\"og:site_name\" content=\"Iskolab\u00fator\" \/>\n<meta property=\"article:modified_time\" content=\"2021-07-26T09:56:50+00:00\" \/>\n<meta property=\"og:image\" content=\"https:\/\/alexbutor.hu\/iskolabutor\/wp-content\/uploads\/2021\/07\/duran_kat_kep.jpg\" \/>\n\t<meta property=\"og:image:width\" content=\"800\" \/>\n\t<meta property=\"og:image:height\" content=\"560\" \/>\n\t<meta property=\"og:image:type\" content=\"image\/jpeg\" \/>\n<meta name=\"twitter:card\" content=\"summary_large_image\" \/>\n<meta name=\"twitter:label1\" content=\"Becs\u00fclt olvas\u00e1si id\u0151\" \/>\n\t<meta name=\"twitter:data1\" content=\"1 perc\" \/>\n<script type=\"application\/ld+json\" class=\"yoast-schema-graph\">{\"@context\":\"https:\/\/schema.org\",\"@graph\":[{\"@type\":\"WebPage\",\"@id\":\"https:\/\/alexbutor.hu\/iskolabutor\/kategoriak\/tobbfunkcios-ter\/duran-asztalok\/\",\"url\":\"https:\/\/alexbutor.hu\/iskolabutor\/kategoriak\/tobbfunkcios-ter\/duran-asztalok\/\",\"name\":\"Duran asztalok - Iskolab\u00fator\",\"isPartOf\":{\"@id\":\"https:\/\/alexbutor.hu\/iskolabutor\/#website\"},\"primaryImageOfPage\":{\"@id\":\"https:\/\/alexbutor.hu\/iskolabutor\/kategoriak\/tobbfunkcios-ter\/duran-asztalok\/#primaryimage\"},\"image\":{\"@id\":\"https:\/\/alexbutor.hu\/iskolabutor\/kategoriak\/tobbfunkcios-ter\/duran-asztalok\/#primaryimage\"},\"thumbnailUrl\":\"https:\/\/alexbutor.hu\/iskolabutor\/wp-content\/uploads\/2021\/07\/duran_kat_kep.jpg\",\"datePublished\":\"2021-07-20T09:43:22+00:00\",\"dateModified\":\"2021-07-26T09:56:50+00:00\",\"breadcrumb\":{\"@id\":\"https:\/\/alexbutor.hu\/iskolabutor\/kategoriak\/tobbfunkcios-ter\/duran-asztalok\/#breadcrumb\"},\"inLanguage\":\"hu\",\"potentialAction\":[{\"@type\":\"ReadAction\",\"target\":[\"https:\/\/alexbutor.hu\/iskolabutor\/kategoriak\/tobbfunkcios-ter\/duran-asztalok\/\"]}]},{\"@type\":\"ImageObject\",\"inLanguage\":\"hu\",\"@id\":\"https:\/\/alexbutor.hu\/iskolabutor\/kategoriak\/tobbfunkcios-ter\/duran-asztalok\/#primaryimage\",\"url\":\"https:\/\/alexbutor.hu\/iskolabutor\/wp-content\/uploads\/2021\/07\/duran_kat_kep.jpg\",\"contentUrl\":\"https:\/\/alexbutor.hu\/iskolabutor\/wp-content\/uploads\/2021\/07\/duran_kat_kep.jpg\",\"width\":800,\"height\":560},{\"@type\":\"BreadcrumbList\",\"@id\":\"https:\/\/alexbutor.hu\/iskolabutor\/kategoriak\/tobbfunkcios-ter\/duran-asztalok\/#breadcrumb\",\"itemListElement\":[{\"@type\":\"ListItem\",\"position\":1,\"name\":\"Home\",\"item\":\"https:\/\/alexbutor.hu\/iskolabutor\/\"},{\"@type\":\"ListItem\",\"position\":2,\"name\":\"Term\u00e9kek\",\"item\":\"https:\/\/alexbutor.hu\/iskolabutor\/kategoriak\/\"},{\"@type\":\"ListItem\",\"position\":3,\"name\":\"T\u00f6bbfunkci\u00f3s t\u00e9r\",\"item\":\"https:\/\/alexbutor.hu\/iskolabutor\/kategoriak\/tobbfunkcios-ter\/\"},{\"@type\":\"ListItem\",\"position\":4,\"name\":\"Duran asztalok\"}]},{\"@type\":\"WebSite\",\"@id\":\"https:\/\/alexbutor.hu\/iskolabutor\/#website\",\"url\":\"https:\/\/alexbutor.hu\/iskolabutor\/\",\"name\":\"Iskolab\u00fator\",\"description\":\"Minden t\u00e9rben megold\u00e1s\",\"potentialAction\":[{\"@type\":\"SearchAction\",\"target\":{\"@type\":\"EntryPoint\",\"urlTemplate\":\"https:\/\/alexbutor.hu\/iskolabutor\/?s={search_term_string}\"},\"query-input\":{\"@type\":\"PropertyValueSpecification\",\"valueRequired\":true,\"valueName\":\"search_term_string\"}}],\"inLanguage\":\"hu\"}]}<\/script>\n<!-- \/ Yoast SEO plugin. -->","yoast_head_json":{"title":"Duran asztalok - Iskolab\u00fator","robots":{"index":"index","follow":"follow","max-snippet":"max-snippet:-1","max-image-preview":"max-image-preview:large","max-video-preview":"max-video-preview:-1"},"canonical":"https:\/\/alexbutor.hu\/iskolabutor\/kategoriak\/tobbfunkcios-ter\/duran-asztalok\/","og_locale":"hu_HU","og_type":"article","og_title":"Duran asztalok - Iskolab\u00fator","og_description":"A Dur\u00e1n asztalok k\u00f6z\u00f6ss\u00e9gform\u00e1l\u00f3ak, nagym\u00e9rt\u00e9k\u0171 rugalmass\u00e1got biztos\u00edtanak. A k\u00f6z\u00f6ss\u00e9gi terek, tan\u00e1ri pihen\u0151k eset\u00e9ben egyre n\u00e9pszer\u0171bb \u00e9s sz\u00e9lesk\u00f6r\u0171 megold\u00e1sokat biztos\u00edtanak a megfelel\u0151 t\u00e9r kialak\u00edt\u00e1s\u00e1ra. A di\u00e1kok \u00e9s a tan\u00e1rok k\u00e9nyelmessebben \u00e9s otthonosabban \u00e9rezhetik magukat a Dur\u00e1n term\u00e9kcsal\u00e1d b\u00fatorainak felhaszn\u00e1l\u00e1s\u00e1val. K\u00fcl\u00f6nf\u00e9le munkater\u00fcleteket hozhatnak l\u00e9tre - a h\u00e9tk\u00f6znapi nyugodtabb helyis\u00e9gekt\u0151l a hatalmas terekkel rendelkez\u0151 aul\u00e1kon \u00e1t az \u00e9tkez\u0151kig. Mindezek mellett praktikus eleme lehet&nbsp;...","og_url":"https:\/\/alexbutor.hu\/iskolabutor\/kategoriak\/tobbfunkcios-ter\/duran-asztalok\/","og_site_name":"Iskolab\u00fator","article_modified_time":"2021-07-26T09:56:50+00:00","og_image":[{"width":800,"height":560,"url":"https:\/\/alexbutor.hu\/iskolabutor\/wp-content\/uploads\/2021\/07\/duran_kat_kep.jpg","type":"image\/jpeg"}],"twitter_card":"summary_large_image","twitter_misc":{"Becs\u00fclt olvas\u00e1si id\u0151":"1 perc"},"schema":{"@context":"https:\/\/schema.org","@graph":[{"@type":"WebPage","@id":"https:\/\/alexbutor.hu\/iskolabutor\/kategoriak\/tobbfunkcios-ter\/duran-asztalok\/","url":"https:\/\/alexbutor.hu\/iskolabutor\/kategoriak\/tobbfunkcios-ter\/duran-asztalok\/","name":"Duran asztalok - Iskolab\u00fator","isPartOf":{"@id":"https:\/\/alexbutor.hu\/iskolabutor\/#website"},"primaryImageOfPage":{"@id":"https:\/\/alexbutor.hu\/iskolabutor\/kategoriak\/tobbfunkcios-ter\/duran-asztalok\/#primaryimage"},"image":{"@id":"https:\/\/alexbutor.hu\/iskolabutor\/kategoriak\/tobbfunkcios-ter\/duran-asztalok\/#primaryimage"},"thumbnailUrl":"https:\/\/alexbutor.hu\/iskolabutor\/wp-content\/uploads\/2021\/07\/duran_kat_kep.jpg","datePublished":"2021-07-20T09:43:22+00:00","dateModified":"2021-07-26T09:56:50+00:00","breadcrumb":{"@id":"https:\/\/alexbutor.hu\/iskolabutor\/kategoriak\/tobbfunkcios-ter\/duran-asztalok\/#breadcrumb"},"inLanguage":"hu","potentialAction":[{"@type":"ReadAction","target":["https:\/\/alexbutor.hu\/iskolabutor\/kategoriak\/tobbfunkcios-ter\/duran-asztalok\/"]}]},{"@type":"ImageObject","inLanguage":"hu","@id":"https:\/\/alexbutor.hu\/iskolabutor\/kategoriak\/tobbfunkcios-ter\/duran-asztalok\/#primaryimage","url":"https:\/\/alexbutor.hu\/iskolabutor\/wp-content\/uploads\/2021\/07\/duran_kat_kep.jpg","contentUrl":"https:\/\/alexbutor.hu\/iskolabutor\/wp-content\/uploads\/2021\/07\/duran_kat_kep.jpg","width":800,"height":560},{"@type":"BreadcrumbList","@id":"https:\/\/alexbutor.hu\/iskolabutor\/kategoriak\/tobbfunkcios-ter\/duran-asztalok\/#breadcrumb","itemListElement":[{"@type":"ListItem","position":1,"name":"Home","item":"https:\/\/alexbutor.hu\/iskolabutor\/"},{"@type":"ListItem","position":2,"name":"Term\u00e9kek","item":"https:\/\/alexbutor.hu\/iskolabutor\/kategoriak\/"},{"@type":"ListItem","position":3,"name":"T\u00f6bbfunkci\u00f3s t\u00e9r","item":"https:\/\/alexbutor.hu\/iskolabutor\/kategoriak\/tobbfunkcios-ter\/"},{"@type":"ListItem","position":4,"name":"Duran asztalok"}]},{"@type":"WebSite","@id":"https:\/\/alexbutor.hu\/iskolabutor\/#website","url":"https:\/\/alexbutor.hu\/iskolabutor\/","name":"Iskolab\u00fator","description":"Minden t\u00e9rben megold\u00e1s","potentialAction":[{"@type":"SearchAction","target":{"@type":"EntryPoint","urlTemplate":"https:\/\/alexbutor.hu\/iskolabutor\/?s={search_term_string}"},"query-input":{"@type":"PropertyValueSpecification","valueRequired":true,"valueName":"search_term_string"}}],"inLanguage":"hu"}]}},"_links":{"self":[{"href":"https:\/\/alexbutor.hu\/iskolabutor\/wp-json\/wp\/v2\/pages\/114098"}],"collection":[{"href":"https:\/\/alexbutor.hu\/iskolabutor\/wp-json\/wp\/v2\/pages"}],"about":[{"href":"https:\/\/alexbutor.hu\/iskolabutor\/wp-json\/wp\/v2\/types\/page"}],"author":[{"embeddable":true,"href":"https:\/\/alexbutor.hu\/iskolabutor\/wp-json\/wp\/v2\/users\/3"}],"replies":[{"embeddable":true,"href":"https:\/\/alexbutor.hu\/iskolabutor\/wp-json\/wp\/v2\/comments?post=114098"}],"version-history":[{"count":3,"href":"https:\/\/alexbutor.hu\/iskolabutor\/wp-json\/wp\/v2\/pages\/114098\/revisions"}],"predecessor-version":[{"id":115998,"href":"https:\/\/alexbutor.hu\/iskolabutor\/wp-json\/wp\/v2\/pages\/114098\/revisions\/115998"}],"up":[{"embeddable":true,"href":"https:\/\/alexbutor.hu\/iskolabutor\/wp-json\/wp\/v2\/pages\/101506"}],"wp:featuredmedia":[{"embeddable":true,"href":"https:\/\/alexbutor.hu\/iskolabutor\/wp-json\/wp\/v2\/media\/114092"}],"wp:attachment":[{"href":"https:\/\/alexbutor.hu\/iskolabutor\/wp-json\/wp\/v2\/media?parent=114098"}],"curies":[{"name":"wp","href":"https:\/\/api.w.org\/{rel}","templated":true}]}}