{"id":11,"date":"2016-06-08T07:58:01","date_gmt":"2016-06-08T07:58:01","guid":{"rendered":"http:\/\/szallodabutor.hu\/?page_id=11"},"modified":"2018-09-13T13:31:02","modified_gmt":"2018-09-13T13:31:02","slug":"akciok","status":"publish","type":"page","link":"https:\/\/alexbutor.hu\/oltozobutor\/akciok\/","title":{"rendered":"Akci\u00f3k"},"content":{"rendered":"<p><!-- [row]\n\n[akcio cim=\"Fitt 30 osztott\" kep=\"https:\/\/alexbutor.hu\/oltozobutor\/wp-content\/uploads\/2016\/06\/ALEX_Fitt_30_osztott_4_szemelyes_oltozoszekreny_akcio.jpg\" link=\"https:\/\/alexbutor.hu\/oltozobutor\/termekek\/oltozoszekreny\/butorlapos-oltozoszekreny\/sportpados-oltozoszekreny\/otb-ups-060-04-l-fitt-30-oltozoszekreny-4-szemelyes-ulopados-osztott\/\"]\n\n[akcio cim=\"Fitt 30 hossz\u00faajt\u00f3s\" kep=\"https:\/\/alexbutor.hu\/oltozobutor\/wp-content\/uploads\/2016\/06\/ALEX_Fitt_30_hosszuajtos_3_szemelyes_oltozoszekreny_akcio.jpg\" link=\"https:\/\/alexbutor.hu\/oltozobutor\/termekek\/oltozoszekreny\/butorlapos-oltozoszekreny\/sportpados-oltozoszekreny\/otb-ups-090-03-l-fitt-30-oltozoszekreny-3-szemelyes-ulopados\/\"]\n\n[akcio cim=\"Fitt pad 190 cm\" kep=\"https:\/\/alexbutor.hu\/oltozobutor\/wp-content\/uploads\/2016\/06\/ALEX_Fitt_pad_190_cm-es_tamla_nelkul_akcio.jpg\" link=\"https:\/\/alexbutor.hu\/oltozobutor\/termekek\/oltozopad\/fitt-oltozopad\/otb-01p-190-40-40-fitt-oltozopad-190-cm-szeles-ulofelulettel\/\"]\n[\/row] --><\/p>\n","protected":false},"excerpt":{"rendered":"","protected":false},"author":3,"featured_media":32153,"parent":0,"menu_order":0,"comment_status":"closed","ping_status":"closed","template":"page-akcio-lista.php","meta":{"footnotes":""},"class_list":["post-11","page","type-page","status-publish","has-post-thumbnail","hentry"],"yoast_head":"<!-- This site is optimized with the Yoast SEO plugin v23.5 - https:\/\/yoast.com\/wordpress\/plugins\/seo\/ -->\n<title>Akci\u00f3k - \u00d6lt\u00f6z\u0151b\u00fator<\/title>\n<meta name=\"description\" content=\"\u00d6lt\u00f6z\u0151szekr\u00e9nyek \u00e9s padok akci\u00f3s \u00e1ron, tov\u00e1bbi egyedi \u00e1raj\u00e1nlatok \u00f6ssze\u00e1ll\u00edt\u00e1s\u00e1val. \u00c9rdemes megismerni \u00e1raikat!\" \/>\n<meta name=\"robots\" content=\"index, follow, max-snippet:-1, max-image-preview:large, max-video-preview:-1\" \/>\n<link rel=\"canonical\" href=\"https:\/\/alexbutor.hu\/oltozobutor\/akciok\/\" \/>\n<meta property=\"og:locale\" content=\"hu_HU\" \/>\n<meta property=\"og:type\" content=\"article\" \/>\n<meta property=\"og:title\" content=\"Akci\u00f3k - \u00d6lt\u00f6z\u0151b\u00fator\" \/>\n<meta property=\"og:description\" content=\"\u00d6lt\u00f6z\u0151szekr\u00e9nyek \u00e9s padok akci\u00f3s \u00e1ron, tov\u00e1bbi egyedi \u00e1raj\u00e1nlatok \u00f6ssze\u00e1ll\u00edt\u00e1s\u00e1val. \u00c9rdemes megismerni \u00e1raikat!\" \/>\n<meta property=\"og:url\" content=\"https:\/\/alexbutor.hu\/oltozobutor\/akciok\/\" \/>\n<meta property=\"og:site_name\" content=\"\u00d6lt\u00f6z\u0151b\u00fator\" \/>\n<meta property=\"article:modified_time\" content=\"2018-09-13T13:31:02+00:00\" \/>\n<meta property=\"og:image\" content=\"https:\/\/alexbutor.hu\/oltozobutor\/wp-content\/uploads\/2016\/06\/ALEX_Fitt_30_hosszuajtos_3_szemelyes_oltozoszekreny_akcio.jpg\" \/>\n\t<meta property=\"og:image:width\" content=\"370\" \/>\n\t<meta property=\"og:image:height\" content=\"370\" \/>\n\t<meta property=\"og:image:type\" content=\"image\/jpeg\" \/>\n<meta name=\"twitter:card\" content=\"summary_large_image\" \/>\n<script type=\"application\/ld+json\" class=\"yoast-schema-graph\">{\"@context\":\"https:\/\/schema.org\",\"@graph\":[{\"@type\":\"WebPage\",\"@id\":\"https:\/\/alexbutor.hu\/oltozobutor\/akciok\/\",\"url\":\"https:\/\/alexbutor.hu\/oltozobutor\/akciok\/\",\"name\":\"Akci\u00f3k - \u00d6lt\u00f6z\u0151b\u00fator\",\"isPartOf\":{\"@id\":\"https:\/\/alexbutor.hu\/oltozobutor\/#website\"},\"primaryImageOfPage\":{\"@id\":\"https:\/\/alexbutor.hu\/oltozobutor\/akciok\/#primaryimage\"},\"image\":{\"@id\":\"https:\/\/alexbutor.hu\/oltozobutor\/akciok\/#primaryimage\"},\"thumbnailUrl\":\"https:\/\/alexbutor.hu\/oltozobutor\/wp-content\/uploads\/2016\/06\/ALEX_Fitt_30_hosszuajtos_3_szemelyes_oltozoszekreny_akcio.jpg\",\"datePublished\":\"2016-06-08T07:58:01+00:00\",\"dateModified\":\"2018-09-13T13:31:02+00:00\",\"description\":\"\u00d6lt\u00f6z\u0151szekr\u00e9nyek \u00e9s padok akci\u00f3s \u00e1ron, tov\u00e1bbi egyedi \u00e1raj\u00e1nlatok \u00f6ssze\u00e1ll\u00edt\u00e1s\u00e1val. \u00c9rdemes megismerni \u00e1raikat!\",\"breadcrumb\":{\"@id\":\"https:\/\/alexbutor.hu\/oltozobutor\/akciok\/#breadcrumb\"},\"inLanguage\":\"hu\",\"potentialAction\":[{\"@type\":\"ReadAction\",\"target\":[\"https:\/\/alexbutor.hu\/oltozobutor\/akciok\/\"]}]},{\"@type\":\"ImageObject\",\"inLanguage\":\"hu\",\"@id\":\"https:\/\/alexbutor.hu\/oltozobutor\/akciok\/#primaryimage\",\"url\":\"https:\/\/alexbutor.hu\/oltozobutor\/wp-content\/uploads\/2016\/06\/ALEX_Fitt_30_hosszuajtos_3_szemelyes_oltozoszekreny_akcio.jpg\",\"contentUrl\":\"https:\/\/alexbutor.hu\/oltozobutor\/wp-content\/uploads\/2016\/06\/ALEX_Fitt_30_hosszuajtos_3_szemelyes_oltozoszekreny_akcio.jpg\",\"width\":370,\"height\":370},{\"@type\":\"BreadcrumbList\",\"@id\":\"https:\/\/alexbutor.hu\/oltozobutor\/akciok\/#breadcrumb\",\"itemListElement\":[{\"@type\":\"ListItem\",\"position\":1,\"name\":\"Home\",\"item\":\"https:\/\/alexbutor.hu\/oltozobutor\/\"},{\"@type\":\"ListItem\",\"position\":2,\"name\":\"Akci\u00f3k\"}]},{\"@type\":\"WebSite\",\"@id\":\"https:\/\/alexbutor.hu\/oltozobutor\/#website\",\"url\":\"https:\/\/alexbutor.hu\/oltozobutor\/\",\"name\":\"\u00d6lt\u00f6z\u0151b\u00fator\",\"description\":\"Minden t\u00e9rben megold\u00e1s\",\"potentialAction\":[{\"@type\":\"SearchAction\",\"target\":{\"@type\":\"EntryPoint\",\"urlTemplate\":\"https:\/\/alexbutor.hu\/oltozobutor\/?s={search_term_string}\"},\"query-input\":{\"@type\":\"PropertyValueSpecification\",\"valueRequired\":true,\"valueName\":\"search_term_string\"}}],\"inLanguage\":\"hu\"}]}<\/script>\n<!-- \/ Yoast SEO plugin. -->","yoast_head_json":{"title":"Akci\u00f3k - \u00d6lt\u00f6z\u0151b\u00fator","description":"\u00d6lt\u00f6z\u0151szekr\u00e9nyek \u00e9s padok akci\u00f3s \u00e1ron, tov\u00e1bbi egyedi \u00e1raj\u00e1nlatok \u00f6ssze\u00e1ll\u00edt\u00e1s\u00e1val. \u00c9rdemes megismerni \u00e1raikat!","robots":{"index":"index","follow":"follow","max-snippet":"max-snippet:-1","max-image-preview":"max-image-preview:large","max-video-preview":"max-video-preview:-1"},"canonical":"https:\/\/alexbutor.hu\/oltozobutor\/akciok\/","og_locale":"hu_HU","og_type":"article","og_title":"Akci\u00f3k - \u00d6lt\u00f6z\u0151b\u00fator","og_description":"\u00d6lt\u00f6z\u0151szekr\u00e9nyek \u00e9s padok akci\u00f3s \u00e1ron, tov\u00e1bbi egyedi \u00e1raj\u00e1nlatok \u00f6ssze\u00e1ll\u00edt\u00e1s\u00e1val. \u00c9rdemes megismerni \u00e1raikat!","og_url":"https:\/\/alexbutor.hu\/oltozobutor\/akciok\/","og_site_name":"\u00d6lt\u00f6z\u0151b\u00fator","article_modified_time":"2018-09-13T13:31:02+00:00","og_image":[{"width":370,"height":370,"url":"https:\/\/alexbutor.hu\/oltozobutor\/wp-content\/uploads\/2016\/06\/ALEX_Fitt_30_hosszuajtos_3_szemelyes_oltozoszekreny_akcio.jpg","type":"image\/jpeg"}],"twitter_card":"summary_large_image","schema":{"@context":"https:\/\/schema.org","@graph":[{"@type":"WebPage","@id":"https:\/\/alexbutor.hu\/oltozobutor\/akciok\/","url":"https:\/\/alexbutor.hu\/oltozobutor\/akciok\/","name":"Akci\u00f3k - \u00d6lt\u00f6z\u0151b\u00fator","isPartOf":{"@id":"https:\/\/alexbutor.hu\/oltozobutor\/#website"},"primaryImageOfPage":{"@id":"https:\/\/alexbutor.hu\/oltozobutor\/akciok\/#primaryimage"},"image":{"@id":"https:\/\/alexbutor.hu\/oltozobutor\/akciok\/#primaryimage"},"thumbnailUrl":"https:\/\/alexbutor.hu\/oltozobutor\/wp-content\/uploads\/2016\/06\/ALEX_Fitt_30_hosszuajtos_3_szemelyes_oltozoszekreny_akcio.jpg","datePublished":"2016-06-08T07:58:01+00:00","dateModified":"2018-09-13T13:31:02+00:00","description":"\u00d6lt\u00f6z\u0151szekr\u00e9nyek \u00e9s padok akci\u00f3s \u00e1ron, tov\u00e1bbi egyedi \u00e1raj\u00e1nlatok \u00f6ssze\u00e1ll\u00edt\u00e1s\u00e1val. \u00c9rdemes megismerni \u00e1raikat!","breadcrumb":{"@id":"https:\/\/alexbutor.hu\/oltozobutor\/akciok\/#breadcrumb"},"inLanguage":"hu","potentialAction":[{"@type":"ReadAction","target":["https:\/\/alexbutor.hu\/oltozobutor\/akciok\/"]}]},{"@type":"ImageObject","inLanguage":"hu","@id":"https:\/\/alexbutor.hu\/oltozobutor\/akciok\/#primaryimage","url":"https:\/\/alexbutor.hu\/oltozobutor\/wp-content\/uploads\/2016\/06\/ALEX_Fitt_30_hosszuajtos_3_szemelyes_oltozoszekreny_akcio.jpg","contentUrl":"https:\/\/alexbutor.hu\/oltozobutor\/wp-content\/uploads\/2016\/06\/ALEX_Fitt_30_hosszuajtos_3_szemelyes_oltozoszekreny_akcio.jpg","width":370,"height":370},{"@type":"BreadcrumbList","@id":"https:\/\/alexbutor.hu\/oltozobutor\/akciok\/#breadcrumb","itemListElement":[{"@type":"ListItem","position":1,"name":"Home","item":"https:\/\/alexbutor.hu\/oltozobutor\/"},{"@type":"ListItem","position":2,"name":"Akci\u00f3k"}]},{"@type":"WebSite","@id":"https:\/\/alexbutor.hu\/oltozobutor\/#website","url":"https:\/\/alexbutor.hu\/oltozobutor\/","name":"\u00d6lt\u00f6z\u0151b\u00fator","description":"Minden t\u00e9rben megold\u00e1s","potentialAction":[{"@type":"SearchAction","target":{"@type":"EntryPoint","urlTemplate":"https:\/\/alexbutor.hu\/oltozobutor\/?s={search_term_string}"},"query-input":{"@type":"PropertyValueSpecification","valueRequired":true,"valueName":"search_term_string"}}],"inLanguage":"hu"}]}},"_links":{"self":[{"href":"https:\/\/alexbutor.hu\/oltozobutor\/wp-json\/wp\/v2\/pages\/11"}],"collection":[{"href":"https:\/\/alexbutor.hu\/oltozobutor\/wp-json\/wp\/v2\/pages"}],"about":[{"href":"https:\/\/alexbutor.hu\/oltozobutor\/wp-json\/wp\/v2\/types\/page"}],"author":[{"embeddable":true,"href":"https:\/\/alexbutor.hu\/oltozobutor\/wp-json\/wp\/v2\/users\/3"}],"replies":[{"embeddable":true,"href":"https:\/\/alexbutor.hu\/oltozobutor\/wp-json\/wp\/v2\/comments?post=11"}],"version-history":[{"count":0,"href":"https:\/\/alexbutor.hu\/oltozobutor\/wp-json\/wp\/v2\/pages\/11\/revisions"}],"wp:featuredmedia":[{"embeddable":true,"href":"https:\/\/alexbutor.hu\/oltozobutor\/wp-json\/wp\/v2\/media\/32153"}],"wp:attachment":[{"href":"https:\/\/alexbutor.hu\/oltozobutor\/wp-json\/wp\/v2\/media?parent=11"}],"curies":[{"name":"wp","href":"https:\/\/api.w.org\/{rel}","templated":true}]}}