{"id":31352,"date":"2016-11-30T13:59:15","date_gmt":"2016-11-30T13:59:15","guid":{"rendered":"http:\/\/alexbutor.hu\/oltozobutor\/?page_id=31352"},"modified":"2017-06-26T09:37:33","modified_gmt":"2017-06-26T09:37:33","slug":"hosszuajtos-oltozoszekreny","status":"publish","type":"page","link":"https:\/\/alexbutor.hu\/oltozobutor\/kategoriak\/oltozoszekreny\/fem-oltozoszekreny\/hosszuajtos-oltozoszekreny\/","title":{"rendered":"Hossz\u00faajt\u00f3s \u00f6lt\u00f6z\u0151szekr\u00e9ny"},"content":{"rendered":"","protected":false},"excerpt":{"rendered":"","protected":false},"author":3,"featured_media":32223,"parent":31350,"menu_order":0,"comment_status":"closed","ping_status":"closed","template":"page-Portfolio4Cols-filterable.php","meta":{"footnotes":""},"class_list":["post-31352","page","type-page","status-publish","has-post-thumbnail","hentry"],"yoast_head":"<!-- This site is optimized with the Yoast SEO plugin v23.5 - https:\/\/yoast.com\/wordpress\/plugins\/seo\/ -->\n<title>Hossz\u00faajt\u00f3s \u00f6lt\u00f6z\u0151szekr\u00e9ny - \u00d6lt\u00f6z\u0151b\u00fator<\/title>\n<meta name=\"description\" content=\"Hossz\u00faajt\u00f3s f\u00e9m \u00f6lt\u00f6z\u00f6szekr\u00e9nyek c\u00e9geknek \u00e9s sport\u00f6lt\u00f6z\u0151kbe. Higi\u00e9nikus, id\u0151t\u00e1ll\u00f3 szekr\u00e9nyek j\u00f3t\u00e1ll\u00e1si garanci\u00e1val, orsz\u00e1gos kisz\u00e1ll\u00edt\u00e1ssal. K\u00e9rje aj\u00e1nlatunkat!\" \/>\n<meta name=\"robots\" content=\"index, follow, max-snippet:-1, max-image-preview:large, max-video-preview:-1\" \/>\n<link rel=\"canonical\" href=\"https:\/\/alexbutor.hu\/oltozobutor\/kategoriak\/oltozoszekreny\/fem-oltozoszekreny\/hosszuajtos-oltozoszekreny\/\" \/>\n<meta property=\"og:locale\" content=\"hu_HU\" \/>\n<meta property=\"og:type\" content=\"article\" \/>\n<meta property=\"og:title\" content=\"Hossz\u00faajt\u00f3s \u00f6lt\u00f6z\u0151szekr\u00e9ny - \u00d6lt\u00f6z\u0151b\u00fator\" \/>\n<meta property=\"og:description\" content=\"Hossz\u00faajt\u00f3s f\u00e9m \u00f6lt\u00f6z\u00f6szekr\u00e9nyek c\u00e9geknek \u00e9s sport\u00f6lt\u00f6z\u0151kbe. Higi\u00e9nikus, id\u0151t\u00e1ll\u00f3 szekr\u00e9nyek j\u00f3t\u00e1ll\u00e1si garanci\u00e1val, orsz\u00e1gos kisz\u00e1ll\u00edt\u00e1ssal. K\u00e9rje aj\u00e1nlatunkat!\" \/>\n<meta property=\"og:url\" content=\"https:\/\/alexbutor.hu\/oltozobutor\/kategoriak\/oltozoszekreny\/fem-oltozoszekreny\/hosszuajtos-oltozoszekreny\/\" \/>\n<meta property=\"og:site_name\" content=\"\u00d6lt\u00f6z\u0151b\u00fator\" \/>\n<meta property=\"article:modified_time\" content=\"2017-06-26T09:37:33+00:00\" \/>\n<meta property=\"og:image\" content=\"https:\/\/alexbutor.hu\/oltozobutor\/wp-content\/uploads\/2016\/11\/1.2-Fem_oltozoszekreny-Husszu_ajtos_800x560px.jpg\" \/>\n\t<meta property=\"og:image:width\" content=\"800\" \/>\n\t<meta property=\"og:image:height\" content=\"560\" \/>\n\t<meta property=\"og:image:type\" content=\"image\/jpeg\" \/>\n<meta name=\"twitter:card\" content=\"summary_large_image\" \/>\n<script type=\"application\/ld+json\" class=\"yoast-schema-graph\">{\"@context\":\"https:\/\/schema.org\",\"@graph\":[{\"@type\":\"WebPage\",\"@id\":\"https:\/\/alexbutor.hu\/oltozobutor\/kategoriak\/oltozoszekreny\/fem-oltozoszekreny\/hosszuajtos-oltozoszekreny\/\",\"url\":\"https:\/\/alexbutor.hu\/oltozobutor\/kategoriak\/oltozoszekreny\/fem-oltozoszekreny\/hosszuajtos-oltozoszekreny\/\",\"name\":\"Hossz\u00faajt\u00f3s \u00f6lt\u00f6z\u0151szekr\u00e9ny - \u00d6lt\u00f6z\u0151b\u00fator\",\"isPartOf\":{\"@id\":\"https:\/\/alexbutor.hu\/oltozobutor\/#website\"},\"primaryImageOfPage\":{\"@id\":\"https:\/\/alexbutor.hu\/oltozobutor\/kategoriak\/oltozoszekreny\/fem-oltozoszekreny\/hosszuajtos-oltozoszekreny\/#primaryimage\"},\"image\":{\"@id\":\"https:\/\/alexbutor.hu\/oltozobutor\/kategoriak\/oltozoszekreny\/fem-oltozoszekreny\/hosszuajtos-oltozoszekreny\/#primaryimage\"},\"thumbnailUrl\":\"https:\/\/alexbutor.hu\/oltozobutor\/wp-content\/uploads\/2016\/11\/1.2-Fem_oltozoszekreny-Husszu_ajtos_800x560px.jpg\",\"datePublished\":\"2016-11-30T13:59:15+00:00\",\"dateModified\":\"2017-06-26T09:37:33+00:00\",\"description\":\"Hossz\u00faajt\u00f3s f\u00e9m \u00f6lt\u00f6z\u00f6szekr\u00e9nyek c\u00e9geknek \u00e9s sport\u00f6lt\u00f6z\u0151kbe. Higi\u00e9nikus, id\u0151t\u00e1ll\u00f3 szekr\u00e9nyek j\u00f3t\u00e1ll\u00e1si garanci\u00e1val, orsz\u00e1gos kisz\u00e1ll\u00edt\u00e1ssal. K\u00e9rje aj\u00e1nlatunkat!\",\"breadcrumb\":{\"@id\":\"https:\/\/alexbutor.hu\/oltozobutor\/kategoriak\/oltozoszekreny\/fem-oltozoszekreny\/hosszuajtos-oltozoszekreny\/#breadcrumb\"},\"inLanguage\":\"hu\",\"potentialAction\":[{\"@type\":\"ReadAction\",\"target\":[\"https:\/\/alexbutor.hu\/oltozobutor\/kategoriak\/oltozoszekreny\/fem-oltozoszekreny\/hosszuajtos-oltozoszekreny\/\"]}]},{\"@type\":\"ImageObject\",\"inLanguage\":\"hu\",\"@id\":\"https:\/\/alexbutor.hu\/oltozobutor\/kategoriak\/oltozoszekreny\/fem-oltozoszekreny\/hosszuajtos-oltozoszekreny\/#primaryimage\",\"url\":\"https:\/\/alexbutor.hu\/oltozobutor\/wp-content\/uploads\/2016\/11\/1.2-Fem_oltozoszekreny-Husszu_ajtos_800x560px.jpg\",\"contentUrl\":\"https:\/\/alexbutor.hu\/oltozobutor\/wp-content\/uploads\/2016\/11\/1.2-Fem_oltozoszekreny-Husszu_ajtos_800x560px.jpg\",\"width\":800,\"height\":560},{\"@type\":\"BreadcrumbList\",\"@id\":\"https:\/\/alexbutor.hu\/oltozobutor\/kategoriak\/oltozoszekreny\/fem-oltozoszekreny\/hosszuajtos-oltozoszekreny\/#breadcrumb\",\"itemListElement\":[{\"@type\":\"ListItem\",\"position\":1,\"name\":\"Home\",\"item\":\"https:\/\/alexbutor.hu\/oltozobutor\/\"},{\"@type\":\"ListItem\",\"position\":2,\"name\":\"Term\u00e9kek\",\"item\":\"https:\/\/alexbutor.hu\/oltozobutor\/kategoriak\/\"},{\"@type\":\"ListItem\",\"position\":3,\"name\":\"\u00d6lt\u00f6z\u0151szekr\u00e9ny\",\"item\":\"https:\/\/alexbutor.hu\/oltozobutor\/kategoriak\/oltozoszekreny\/\"},{\"@type\":\"ListItem\",\"position\":4,\"name\":\"F\u00e9m \u00f6lt\u00f6z\u0151szekr\u00e9ny\",\"item\":\"https:\/\/alexbutor.hu\/oltozobutor\/kategoriak\/oltozoszekreny\/fem-oltozoszekreny\/\"},{\"@type\":\"ListItem\",\"position\":5,\"name\":\"Hossz\u00faajt\u00f3s \u00f6lt\u00f6z\u0151szekr\u00e9ny\"}]},{\"@type\":\"WebSite\",\"@id\":\"https:\/\/alexbutor.hu\/oltozobutor\/#website\",\"url\":\"https:\/\/alexbutor.hu\/oltozobutor\/\",\"name\":\"\u00d6lt\u00f6z\u0151b\u00fator\",\"description\":\"Minden t\u00e9rben megold\u00e1s\",\"potentialAction\":[{\"@type\":\"SearchAction\",\"target\":{\"@type\":\"EntryPoint\",\"urlTemplate\":\"https:\/\/alexbutor.hu\/oltozobutor\/?s={search_term_string}\"},\"query-input\":{\"@type\":\"PropertyValueSpecification\",\"valueRequired\":true,\"valueName\":\"search_term_string\"}}],\"inLanguage\":\"hu\"}]}<\/script>\n<!-- \/ Yoast SEO plugin. -->","yoast_head_json":{"title":"Hossz\u00faajt\u00f3s \u00f6lt\u00f6z\u0151szekr\u00e9ny - \u00d6lt\u00f6z\u0151b\u00fator","description":"Hossz\u00faajt\u00f3s f\u00e9m \u00f6lt\u00f6z\u00f6szekr\u00e9nyek c\u00e9geknek \u00e9s sport\u00f6lt\u00f6z\u0151kbe. Higi\u00e9nikus, id\u0151t\u00e1ll\u00f3 szekr\u00e9nyek j\u00f3t\u00e1ll\u00e1si garanci\u00e1val, orsz\u00e1gos kisz\u00e1ll\u00edt\u00e1ssal. K\u00e9rje aj\u00e1nlatunkat!","robots":{"index":"index","follow":"follow","max-snippet":"max-snippet:-1","max-image-preview":"max-image-preview:large","max-video-preview":"max-video-preview:-1"},"canonical":"https:\/\/alexbutor.hu\/oltozobutor\/kategoriak\/oltozoszekreny\/fem-oltozoszekreny\/hosszuajtos-oltozoszekreny\/","og_locale":"hu_HU","og_type":"article","og_title":"Hossz\u00faajt\u00f3s \u00f6lt\u00f6z\u0151szekr\u00e9ny - \u00d6lt\u00f6z\u0151b\u00fator","og_description":"Hossz\u00faajt\u00f3s f\u00e9m \u00f6lt\u00f6z\u00f6szekr\u00e9nyek c\u00e9geknek \u00e9s sport\u00f6lt\u00f6z\u0151kbe. Higi\u00e9nikus, id\u0151t\u00e1ll\u00f3 szekr\u00e9nyek j\u00f3t\u00e1ll\u00e1si garanci\u00e1val, orsz\u00e1gos kisz\u00e1ll\u00edt\u00e1ssal. K\u00e9rje aj\u00e1nlatunkat!","og_url":"https:\/\/alexbutor.hu\/oltozobutor\/kategoriak\/oltozoszekreny\/fem-oltozoszekreny\/hosszuajtos-oltozoszekreny\/","og_site_name":"\u00d6lt\u00f6z\u0151b\u00fator","article_modified_time":"2017-06-26T09:37:33+00:00","og_image":[{"width":800,"height":560,"url":"https:\/\/alexbutor.hu\/oltozobutor\/wp-content\/uploads\/2016\/11\/1.2-Fem_oltozoszekreny-Husszu_ajtos_800x560px.jpg","type":"image\/jpeg"}],"twitter_card":"summary_large_image","schema":{"@context":"https:\/\/schema.org","@graph":[{"@type":"WebPage","@id":"https:\/\/alexbutor.hu\/oltozobutor\/kategoriak\/oltozoszekreny\/fem-oltozoszekreny\/hosszuajtos-oltozoszekreny\/","url":"https:\/\/alexbutor.hu\/oltozobutor\/kategoriak\/oltozoszekreny\/fem-oltozoszekreny\/hosszuajtos-oltozoszekreny\/","name":"Hossz\u00faajt\u00f3s \u00f6lt\u00f6z\u0151szekr\u00e9ny - \u00d6lt\u00f6z\u0151b\u00fator","isPartOf":{"@id":"https:\/\/alexbutor.hu\/oltozobutor\/#website"},"primaryImageOfPage":{"@id":"https:\/\/alexbutor.hu\/oltozobutor\/kategoriak\/oltozoszekreny\/fem-oltozoszekreny\/hosszuajtos-oltozoszekreny\/#primaryimage"},"image":{"@id":"https:\/\/alexbutor.hu\/oltozobutor\/kategoriak\/oltozoszekreny\/fem-oltozoszekreny\/hosszuajtos-oltozoszekreny\/#primaryimage"},"thumbnailUrl":"https:\/\/alexbutor.hu\/oltozobutor\/wp-content\/uploads\/2016\/11\/1.2-Fem_oltozoszekreny-Husszu_ajtos_800x560px.jpg","datePublished":"2016-11-30T13:59:15+00:00","dateModified":"2017-06-26T09:37:33+00:00","description":"Hossz\u00faajt\u00f3s f\u00e9m \u00f6lt\u00f6z\u00f6szekr\u00e9nyek c\u00e9geknek \u00e9s sport\u00f6lt\u00f6z\u0151kbe. Higi\u00e9nikus, id\u0151t\u00e1ll\u00f3 szekr\u00e9nyek j\u00f3t\u00e1ll\u00e1si garanci\u00e1val, orsz\u00e1gos kisz\u00e1ll\u00edt\u00e1ssal. K\u00e9rje aj\u00e1nlatunkat!","breadcrumb":{"@id":"https:\/\/alexbutor.hu\/oltozobutor\/kategoriak\/oltozoszekreny\/fem-oltozoszekreny\/hosszuajtos-oltozoszekreny\/#breadcrumb"},"inLanguage":"hu","potentialAction":[{"@type":"ReadAction","target":["https:\/\/alexbutor.hu\/oltozobutor\/kategoriak\/oltozoszekreny\/fem-oltozoszekreny\/hosszuajtos-oltozoszekreny\/"]}]},{"@type":"ImageObject","inLanguage":"hu","@id":"https:\/\/alexbutor.hu\/oltozobutor\/kategoriak\/oltozoszekreny\/fem-oltozoszekreny\/hosszuajtos-oltozoszekreny\/#primaryimage","url":"https:\/\/alexbutor.hu\/oltozobutor\/wp-content\/uploads\/2016\/11\/1.2-Fem_oltozoszekreny-Husszu_ajtos_800x560px.jpg","contentUrl":"https:\/\/alexbutor.hu\/oltozobutor\/wp-content\/uploads\/2016\/11\/1.2-Fem_oltozoszekreny-Husszu_ajtos_800x560px.jpg","width":800,"height":560},{"@type":"BreadcrumbList","@id":"https:\/\/alexbutor.hu\/oltozobutor\/kategoriak\/oltozoszekreny\/fem-oltozoszekreny\/hosszuajtos-oltozoszekreny\/#breadcrumb","itemListElement":[{"@type":"ListItem","position":1,"name":"Home","item":"https:\/\/alexbutor.hu\/oltozobutor\/"},{"@type":"ListItem","position":2,"name":"Term\u00e9kek","item":"https:\/\/alexbutor.hu\/oltozobutor\/kategoriak\/"},{"@type":"ListItem","position":3,"name":"\u00d6lt\u00f6z\u0151szekr\u00e9ny","item":"https:\/\/alexbutor.hu\/oltozobutor\/kategoriak\/oltozoszekreny\/"},{"@type":"ListItem","position":4,"name":"F\u00e9m \u00f6lt\u00f6z\u0151szekr\u00e9ny","item":"https:\/\/alexbutor.hu\/oltozobutor\/kategoriak\/oltozoszekreny\/fem-oltozoszekreny\/"},{"@type":"ListItem","position":5,"name":"Hossz\u00faajt\u00f3s \u00f6lt\u00f6z\u0151szekr\u00e9ny"}]},{"@type":"WebSite","@id":"https:\/\/alexbutor.hu\/oltozobutor\/#website","url":"https:\/\/alexbutor.hu\/oltozobutor\/","name":"\u00d6lt\u00f6z\u0151b\u00fator","description":"Minden t\u00e9rben megold\u00e1s","potentialAction":[{"@type":"SearchAction","target":{"@type":"EntryPoint","urlTemplate":"https:\/\/alexbutor.hu\/oltozobutor\/?s={search_term_string}"},"query-input":{"@type":"PropertyValueSpecification","valueRequired":true,"valueName":"search_term_string"}}],"inLanguage":"hu"}]}},"_links":{"self":[{"href":"https:\/\/alexbutor.hu\/oltozobutor\/wp-json\/wp\/v2\/pages\/31352"}],"collection":[{"href":"https:\/\/alexbutor.hu\/oltozobutor\/wp-json\/wp\/v2\/pages"}],"about":[{"href":"https:\/\/alexbutor.hu\/oltozobutor\/wp-json\/wp\/v2\/types\/page"}],"author":[{"embeddable":true,"href":"https:\/\/alexbutor.hu\/oltozobutor\/wp-json\/wp\/v2\/users\/3"}],"replies":[{"embeddable":true,"href":"https:\/\/alexbutor.hu\/oltozobutor\/wp-json\/wp\/v2\/comments?post=31352"}],"version-history":[{"count":0,"href":"https:\/\/alexbutor.hu\/oltozobutor\/wp-json\/wp\/v2\/pages\/31352\/revisions"}],"up":[{"embeddable":true,"href":"https:\/\/alexbutor.hu\/oltozobutor\/wp-json\/wp\/v2\/pages\/31350"}],"wp:featuredmedia":[{"embeddable":true,"href":"https:\/\/alexbutor.hu\/oltozobutor\/wp-json\/wp\/v2\/media\/32223"}],"wp:attachment":[{"href":"https:\/\/alexbutor.hu\/oltozobutor\/wp-json\/wp\/v2\/media?parent=31352"}],"curies":[{"name":"wp","href":"https:\/\/api.w.org\/{rel}","templated":true}]}}