{"id":31415,"date":"2016-11-30T15:01:13","date_gmt":"2016-11-30T15:01:13","guid":{"rendered":"http:\/\/alexbutor.hu\/oltozobutor\/?page_id=31415"},"modified":"2024-07-26T09:58:29","modified_gmt":"2024-07-26T08:58:29","slug":"etkezobutor","status":"publish","type":"page","link":"https:\/\/alexbutor.hu\/oltozobutor\/kategoriak\/kozossegi-ter\/etkezobutor\/","title":{"rendered":"\u00c9tkez\u0151b\u00fator"},"content":{"rendered":"<div class=\"butorlaposkat\">\n<div class=\"vonalasc\u00edmh\">\n<h3 class=\"vonalasc\u00edm\"><span>Kateg\u00f3ri\u00e1k<\/span><\/h3>\n<\/div>\n<li class=\"portfolio_item isotope-item\">\n<div class=\"portfolio_item_holder\">\n<figure class=\"thumbnail thumbnail__portfolio\"><a href=\"https:\/\/alexbutor.hu\/oltozobutor\/kategoriak\/kozossegi-ter\/etkezobutor\/etkezo-garniturak\/\" class=\"image-wrap\"><img decoding=\"async\" src=\"https:\/\/alexbutor.hu\/oltozobutor\/wp-content\/uploads\/2021\/06\/etkezoszettek.jpg\" alt=\"\u00c9tkez\u0151 garnit\u00far\u00e1k\"><\/a><\/figure>\n<div class=\"caption caption__portfolio\">\n<h3><a href=\"https:\/\/alexbutor.hu\/oltozobutor\/kategoriak\/kozossegi-ter\/etkezobutor\/etkezo-garniturak\/\">\u00c9tkez\u0151 garnit\u00far\u00e1k (6)<\/a><\/h3>\n<\/div>\n<\/div>\n<\/li>\n<li class=\"portfolio_item isotope-item\">\n<div class=\"portfolio_item_holder\">\n<figure class=\"thumbnail thumbnail__portfolio\"><a href=\"https:\/\/alexbutor.hu\/oltozobutor\/kategoriak\/kozossegi-ter\/etkezobutor\/etkezo-asztalok\/\" class=\"image-wrap\"><img decoding=\"async\" src=\"https:\/\/alexbutor.hu\/oltozobutor\/wp-content\/uploads\/2021\/06\/etkezoasztalok.jpg\" alt=\"\u00c9tkez\u0151 asztalok\"><\/a><\/figure>\n<div class=\"caption caption__portfolio\">\n<h3><a href=\"https:\/\/alexbutor.hu\/oltozobutor\/kategoriak\/kozossegi-ter\/etkezobutor\/etkezo-asztalok\/\">\u00c9tkez\u0151 asztalok (23)<\/a><\/h3>\n<\/div>\n<\/div>\n<\/li>\n<li class=\"portfolio_item isotope-item\">\n<div class=\"portfolio_item_holder\">\n<figure class=\"thumbnail thumbnail__portfolio\"><a href=\"https:\/\/alexbutor.hu\/oltozobutor\/kategoriak\/kozossegi-ter\/etkezobutor\/etkezo-szekek\/\" class=\"image-wrap\"><img decoding=\"async\" src=\"https:\/\/alexbutor.hu\/oltozobutor\/wp-content\/uploads\/2021\/06\/etkezoszekek.jpg\" alt=\"\u00c9tkez\u0151 sz\u00e9kek\"><\/a><\/figure>\n<div class=\"caption caption__portfolio\">\n<h3><a href=\"https:\/\/alexbutor.hu\/oltozobutor\/kategoriak\/kozossegi-ter\/etkezobutor\/etkezo-szekek\/\">\u00c9tkez\u0151 sz\u00e9kek (33)<\/a><\/h3>\n<\/div>\n<\/div>\n<\/li>\n\r\n\t<li class=\"portfolio_item isotope-item\"><div class=\"portfolio_item_holder\"><figure class=\"thumbnail thumbnail__portfolio\"><a href=\"https:\/\/alexbutor.hu\/oltozobutor\/kategoriak\/kozossegi-ter\/padrendszer\/\" class=\"image-wrap\"><img decoding=\"async\" src=\"https:\/\/alexbutor.hu\/oltozobutor\/wp-content\/uploads\/2024\/07\/KAT-padrenszer.jpg\" alt=\"Padrendszer\"><\/a><\/figure><div class=\"caption caption__portfolio\"><h3><a href=\"https:\/\/alexbutor.hu\/oltozobutor\/kategoriak\/kozossegi-ter\/padrendszer\/\">Padrendszer (9)<\/a><\/h3><\/div><\/div><\/li>\n<\/div>\n","protected":false},"excerpt":{"rendered":"<p>Kateg\u00f3ri\u00e1k \u00c9tkez\u0151 garnit\u00far\u00e1k \u00c9tkez\u0151 asztalok \u00c9tkez\u0151 sz\u00e9kek<\/p>\n","protected":false},"author":3,"featured_media":31594,"parent":31411,"menu_order":0,"comment_status":"closed","ping_status":"closed","template":"page-uj-alexsub.php","meta":{"footnotes":""},"class_list":["post-31415","page","type-page","status-publish","has-post-thumbnail","hentry"],"yoast_head":"<!-- This site is optimized with the Yoast SEO plugin v23.5 - https:\/\/yoast.com\/wordpress\/plugins\/seo\/ -->\n<title>\u00c9tkez\u0151b\u00fator - \u00d6lt\u00f6z\u0151b\u00fator<\/title>\n<meta name=\"description\" content=\"Ipari \u00e9s int\u00e9zm\u00e9nyi \u00e9tkez\u0151k, vend\u00e9gl\u00e1t\u00f3 egys\u00e9gek \u00e9tkez\u0151b\u00fatorai. Er\u0151ss\u00e9g\u00fcnk a komplett megold\u00e1sok kivitelez\u00e9se. Saj\u00e1t gy\u00e1r, orsz\u00e1gos kisz\u00e1ll\u00edt\u00e1s, referenci\u00e1k!\" \/>\n<meta name=\"robots\" content=\"index, follow, max-snippet:-1, max-image-preview:large, max-video-preview:-1\" \/>\n<link rel=\"canonical\" href=\"https:\/\/alexbutor.hu\/oltozobutor\/kategoriak\/kozossegi-ter\/etkezobutor\/\" \/>\n<meta property=\"og:locale\" content=\"hu_HU\" \/>\n<meta property=\"og:type\" content=\"article\" \/>\n<meta property=\"og:title\" content=\"\u00c9tkez\u0151b\u00fator - \u00d6lt\u00f6z\u0151b\u00fator\" \/>\n<meta property=\"og:description\" content=\"Ipari \u00e9s int\u00e9zm\u00e9nyi \u00e9tkez\u0151k, vend\u00e9gl\u00e1t\u00f3 egys\u00e9gek \u00e9tkez\u0151b\u00fatorai. Er\u0151ss\u00e9g\u00fcnk a komplett megold\u00e1sok kivitelez\u00e9se. Saj\u00e1t gy\u00e1r, orsz\u00e1gos kisz\u00e1ll\u00edt\u00e1s, referenci\u00e1k!\" \/>\n<meta property=\"og:url\" content=\"https:\/\/alexbutor.hu\/oltozobutor\/kategoriak\/kozossegi-ter\/etkezobutor\/\" \/>\n<meta property=\"og:site_name\" content=\"\u00d6lt\u00f6z\u0151b\u00fator\" \/>\n<meta property=\"article:modified_time\" content=\"2024-07-26T08:58:29+00:00\" \/>\n<meta property=\"og:image\" content=\"https:\/\/alexbutor.hu\/oltozobutor\/wp-content\/uploads\/2016\/11\/3-Ipari_berendezes-06-Etkezobutor_szekreny_800x560px-1.jpg\" \/>\n\t<meta property=\"og:image:width\" content=\"800\" \/>\n\t<meta property=\"og:image:height\" content=\"560\" \/>\n\t<meta property=\"og:image:type\" content=\"image\/jpeg\" \/>\n<meta name=\"twitter:card\" content=\"summary_large_image\" \/>\n<script type=\"application\/ld+json\" class=\"yoast-schema-graph\">{\"@context\":\"https:\/\/schema.org\",\"@graph\":[{\"@type\":\"WebPage\",\"@id\":\"https:\/\/alexbutor.hu\/oltozobutor\/kategoriak\/kozossegi-ter\/etkezobutor\/\",\"url\":\"https:\/\/alexbutor.hu\/oltozobutor\/kategoriak\/kozossegi-ter\/etkezobutor\/\",\"name\":\"\u00c9tkez\u0151b\u00fator - \u00d6lt\u00f6z\u0151b\u00fator\",\"isPartOf\":{\"@id\":\"https:\/\/alexbutor.hu\/oltozobutor\/#website\"},\"primaryImageOfPage\":{\"@id\":\"https:\/\/alexbutor.hu\/oltozobutor\/kategoriak\/kozossegi-ter\/etkezobutor\/#primaryimage\"},\"image\":{\"@id\":\"https:\/\/alexbutor.hu\/oltozobutor\/kategoriak\/kozossegi-ter\/etkezobutor\/#primaryimage\"},\"thumbnailUrl\":\"https:\/\/alexbutor.hu\/oltozobutor\/wp-content\/uploads\/2016\/11\/3-Ipari_berendezes-06-Etkezobutor_szekreny_800x560px-1.jpg\",\"datePublished\":\"2016-11-30T15:01:13+00:00\",\"dateModified\":\"2024-07-26T08:58:29+00:00\",\"description\":\"Ipari \u00e9s int\u00e9zm\u00e9nyi \u00e9tkez\u0151k, vend\u00e9gl\u00e1t\u00f3 egys\u00e9gek \u00e9tkez\u0151b\u00fatorai. Er\u0151ss\u00e9g\u00fcnk a komplett megold\u00e1sok kivitelez\u00e9se. Saj\u00e1t gy\u00e1r, orsz\u00e1gos kisz\u00e1ll\u00edt\u00e1s, referenci\u00e1k!\",\"breadcrumb\":{\"@id\":\"https:\/\/alexbutor.hu\/oltozobutor\/kategoriak\/kozossegi-ter\/etkezobutor\/#breadcrumb\"},\"inLanguage\":\"hu\",\"potentialAction\":[{\"@type\":\"ReadAction\",\"target\":[\"https:\/\/alexbutor.hu\/oltozobutor\/kategoriak\/kozossegi-ter\/etkezobutor\/\"]}]},{\"@type\":\"ImageObject\",\"inLanguage\":\"hu\",\"@id\":\"https:\/\/alexbutor.hu\/oltozobutor\/kategoriak\/kozossegi-ter\/etkezobutor\/#primaryimage\",\"url\":\"https:\/\/alexbutor.hu\/oltozobutor\/wp-content\/uploads\/2016\/11\/3-Ipari_berendezes-06-Etkezobutor_szekreny_800x560px-1.jpg\",\"contentUrl\":\"https:\/\/alexbutor.hu\/oltozobutor\/wp-content\/uploads\/2016\/11\/3-Ipari_berendezes-06-Etkezobutor_szekreny_800x560px-1.jpg\",\"width\":800,\"height\":560},{\"@type\":\"BreadcrumbList\",\"@id\":\"https:\/\/alexbutor.hu\/oltozobutor\/kategoriak\/kozossegi-ter\/etkezobutor\/#breadcrumb\",\"itemListElement\":[{\"@type\":\"ListItem\",\"position\":1,\"name\":\"Home\",\"item\":\"https:\/\/alexbutor.hu\/oltozobutor\/\"},{\"@type\":\"ListItem\",\"position\":2,\"name\":\"Term\u00e9kek\",\"item\":\"https:\/\/alexbutor.hu\/oltozobutor\/kategoriak\/\"},{\"@type\":\"ListItem\",\"position\":3,\"name\":\"K\u00f6z\u00f6ss\u00e9gi t\u00e9r\",\"item\":\"https:\/\/alexbutor.hu\/oltozobutor\/kategoriak\/kozossegi-ter\/\"},{\"@type\":\"ListItem\",\"position\":4,\"name\":\"\u00c9tkez\u0151b\u00fator\"}]},{\"@type\":\"WebSite\",\"@id\":\"https:\/\/alexbutor.hu\/oltozobutor\/#website\",\"url\":\"https:\/\/alexbutor.hu\/oltozobutor\/\",\"name\":\"\u00d6lt\u00f6z\u0151b\u00fator\",\"description\":\"Minden t\u00e9rben megold\u00e1s\",\"potentialAction\":[{\"@type\":\"SearchAction\",\"target\":{\"@type\":\"EntryPoint\",\"urlTemplate\":\"https:\/\/alexbutor.hu\/oltozobutor\/?s={search_term_string}\"},\"query-input\":{\"@type\":\"PropertyValueSpecification\",\"valueRequired\":true,\"valueName\":\"search_term_string\"}}],\"inLanguage\":\"hu\"}]}<\/script>\n<!-- \/ Yoast SEO plugin. -->","yoast_head_json":{"title":"\u00c9tkez\u0151b\u00fator - \u00d6lt\u00f6z\u0151b\u00fator","description":"Ipari \u00e9s int\u00e9zm\u00e9nyi \u00e9tkez\u0151k, vend\u00e9gl\u00e1t\u00f3 egys\u00e9gek \u00e9tkez\u0151b\u00fatorai. Er\u0151ss\u00e9g\u00fcnk a komplett megold\u00e1sok kivitelez\u00e9se. Saj\u00e1t gy\u00e1r, orsz\u00e1gos kisz\u00e1ll\u00edt\u00e1s, referenci\u00e1k!","robots":{"index":"index","follow":"follow","max-snippet":"max-snippet:-1","max-image-preview":"max-image-preview:large","max-video-preview":"max-video-preview:-1"},"canonical":"https:\/\/alexbutor.hu\/oltozobutor\/kategoriak\/kozossegi-ter\/etkezobutor\/","og_locale":"hu_HU","og_type":"article","og_title":"\u00c9tkez\u0151b\u00fator - \u00d6lt\u00f6z\u0151b\u00fator","og_description":"Ipari \u00e9s int\u00e9zm\u00e9nyi \u00e9tkez\u0151k, vend\u00e9gl\u00e1t\u00f3 egys\u00e9gek \u00e9tkez\u0151b\u00fatorai. Er\u0151ss\u00e9g\u00fcnk a komplett megold\u00e1sok kivitelez\u00e9se. Saj\u00e1t gy\u00e1r, orsz\u00e1gos kisz\u00e1ll\u00edt\u00e1s, referenci\u00e1k!","og_url":"https:\/\/alexbutor.hu\/oltozobutor\/kategoriak\/kozossegi-ter\/etkezobutor\/","og_site_name":"\u00d6lt\u00f6z\u0151b\u00fator","article_modified_time":"2024-07-26T08:58:29+00:00","og_image":[{"width":800,"height":560,"url":"https:\/\/alexbutor.hu\/oltozobutor\/wp-content\/uploads\/2016\/11\/3-Ipari_berendezes-06-Etkezobutor_szekreny_800x560px-1.jpg","type":"image\/jpeg"}],"twitter_card":"summary_large_image","schema":{"@context":"https:\/\/schema.org","@graph":[{"@type":"WebPage","@id":"https:\/\/alexbutor.hu\/oltozobutor\/kategoriak\/kozossegi-ter\/etkezobutor\/","url":"https:\/\/alexbutor.hu\/oltozobutor\/kategoriak\/kozossegi-ter\/etkezobutor\/","name":"\u00c9tkez\u0151b\u00fator - \u00d6lt\u00f6z\u0151b\u00fator","isPartOf":{"@id":"https:\/\/alexbutor.hu\/oltozobutor\/#website"},"primaryImageOfPage":{"@id":"https:\/\/alexbutor.hu\/oltozobutor\/kategoriak\/kozossegi-ter\/etkezobutor\/#primaryimage"},"image":{"@id":"https:\/\/alexbutor.hu\/oltozobutor\/kategoriak\/kozossegi-ter\/etkezobutor\/#primaryimage"},"thumbnailUrl":"https:\/\/alexbutor.hu\/oltozobutor\/wp-content\/uploads\/2016\/11\/3-Ipari_berendezes-06-Etkezobutor_szekreny_800x560px-1.jpg","datePublished":"2016-11-30T15:01:13+00:00","dateModified":"2024-07-26T08:58:29+00:00","description":"Ipari \u00e9s int\u00e9zm\u00e9nyi \u00e9tkez\u0151k, vend\u00e9gl\u00e1t\u00f3 egys\u00e9gek \u00e9tkez\u0151b\u00fatorai. Er\u0151ss\u00e9g\u00fcnk a komplett megold\u00e1sok kivitelez\u00e9se. Saj\u00e1t gy\u00e1r, orsz\u00e1gos kisz\u00e1ll\u00edt\u00e1s, referenci\u00e1k!","breadcrumb":{"@id":"https:\/\/alexbutor.hu\/oltozobutor\/kategoriak\/kozossegi-ter\/etkezobutor\/#breadcrumb"},"inLanguage":"hu","potentialAction":[{"@type":"ReadAction","target":["https:\/\/alexbutor.hu\/oltozobutor\/kategoriak\/kozossegi-ter\/etkezobutor\/"]}]},{"@type":"ImageObject","inLanguage":"hu","@id":"https:\/\/alexbutor.hu\/oltozobutor\/kategoriak\/kozossegi-ter\/etkezobutor\/#primaryimage","url":"https:\/\/alexbutor.hu\/oltozobutor\/wp-content\/uploads\/2016\/11\/3-Ipari_berendezes-06-Etkezobutor_szekreny_800x560px-1.jpg","contentUrl":"https:\/\/alexbutor.hu\/oltozobutor\/wp-content\/uploads\/2016\/11\/3-Ipari_berendezes-06-Etkezobutor_szekreny_800x560px-1.jpg","width":800,"height":560},{"@type":"BreadcrumbList","@id":"https:\/\/alexbutor.hu\/oltozobutor\/kategoriak\/kozossegi-ter\/etkezobutor\/#breadcrumb","itemListElement":[{"@type":"ListItem","position":1,"name":"Home","item":"https:\/\/alexbutor.hu\/oltozobutor\/"},{"@type":"ListItem","position":2,"name":"Term\u00e9kek","item":"https:\/\/alexbutor.hu\/oltozobutor\/kategoriak\/"},{"@type":"ListItem","position":3,"name":"K\u00f6z\u00f6ss\u00e9gi t\u00e9r","item":"https:\/\/alexbutor.hu\/oltozobutor\/kategoriak\/kozossegi-ter\/"},{"@type":"ListItem","position":4,"name":"\u00c9tkez\u0151b\u00fator"}]},{"@type":"WebSite","@id":"https:\/\/alexbutor.hu\/oltozobutor\/#website","url":"https:\/\/alexbutor.hu\/oltozobutor\/","name":"\u00d6lt\u00f6z\u0151b\u00fator","description":"Minden t\u00e9rben megold\u00e1s","potentialAction":[{"@type":"SearchAction","target":{"@type":"EntryPoint","urlTemplate":"https:\/\/alexbutor.hu\/oltozobutor\/?s={search_term_string}"},"query-input":{"@type":"PropertyValueSpecification","valueRequired":true,"valueName":"search_term_string"}}],"inLanguage":"hu"}]}},"_links":{"self":[{"href":"https:\/\/alexbutor.hu\/oltozobutor\/wp-json\/wp\/v2\/pages\/31415"}],"collection":[{"href":"https:\/\/alexbutor.hu\/oltozobutor\/wp-json\/wp\/v2\/pages"}],"about":[{"href":"https:\/\/alexbutor.hu\/oltozobutor\/wp-json\/wp\/v2\/types\/page"}],"author":[{"embeddable":true,"href":"https:\/\/alexbutor.hu\/oltozobutor\/wp-json\/wp\/v2\/users\/3"}],"replies":[{"embeddable":true,"href":"https:\/\/alexbutor.hu\/oltozobutor\/wp-json\/wp\/v2\/comments?post=31415"}],"version-history":[{"count":4,"href":"https:\/\/alexbutor.hu\/oltozobutor\/wp-json\/wp\/v2\/pages\/31415\/revisions"}],"predecessor-version":[{"id":69060,"href":"https:\/\/alexbutor.hu\/oltozobutor\/wp-json\/wp\/v2\/pages\/31415\/revisions\/69060"}],"up":[{"embeddable":true,"href":"https:\/\/alexbutor.hu\/oltozobutor\/wp-json\/wp\/v2\/pages\/31411"}],"wp:featuredmedia":[{"embeddable":true,"href":"https:\/\/alexbutor.hu\/oltozobutor\/wp-json\/wp\/v2\/media\/31594"}],"wp:attachment":[{"href":"https:\/\/alexbutor.hu\/oltozobutor\/wp-json\/wp\/v2\/media?parent=31415"}],"curies":[{"name":"wp","href":"https:\/\/api.w.org\/{rel}","templated":true}]}}