{"id":38660,"date":"2017-03-08T19:33:06","date_gmt":"2017-03-08T19:33:06","guid":{"rendered":"http:\/\/alexbutor.hu\/utcabutor\/?page_id=38660"},"modified":"2021-11-17T09:36:15","modified_gmt":"2021-11-17T08:36:15","slug":"utcatablak","status":"publish","type":"page","link":"https:\/\/alexbutor.hu\/utcabutor\/kategoriak\/utcatablak\/","title":{"rendered":"Utcat\u00e1bl\u00e1k, \u00fcdv\u00f6zl\u0151t\u00e1bl\u00e1k"},"content":{"rendered":"<li class=\"portfolio_item isotope-item\">\n<div class=\"portfolio_item_holder\">\n<figure class=\"thumbnail thumbnail__portfolio\"><a href=\"https:\/\/alexbutor.hu\/utcabutor\/kategoriak\/utcatablak\/cimer-hazszam-utcanev-tabla\/\" class=\"image-wrap\"><img decoding=\"async\" src=\"https:\/\/alexbutor.hu\/utcabutor\/wp-content\/uploads\/2017\/03\/10_Utcatablak-01_Utcatabla.jpg\" alt=\"C\u00edmer, h\u00e1zsz\u00e1m, utcan\u00e9v t\u00e1bla\"><\/a><\/figure>\n<div class=\"caption caption__portfolio\">\n<h3><a href=\"https:\/\/alexbutor.hu\/utcabutor\/kategoriak\/utcatablak\/cimer-hazszam-utcanev-tabla\/\">C\u00edmer, h\u00e1zsz\u00e1m, utcan\u00e9v t\u00e1bla<\/a><\/h3>\n<\/div>\n<\/div>\n<\/li>\n<li class=\"portfolio_item isotope-item\">\n<div class=\"portfolio_item_holder\">\n<figure class=\"thumbnail thumbnail__portfolio\"><a href=\"https:\/\/alexbutor.hu\/utcabutor\/kategoriak\/utcatablak\/terkepes-tabla-udvozlotabla\/\" class=\"image-wrap\"><img decoding=\"async\" src=\"https:\/\/alexbutor.hu\/utcabutor\/wp-content\/uploads\/2017\/03\/10_Utcatablak_02_Terkepes_tabla.jpg\" alt=\"T\u00e9rk\u00e9pes t\u00e1bla, \u00fcdv\u00f6zl\u0151t\u00e1bla\"><\/a><\/figure>\n<div class=\"caption caption__portfolio\">\n<h3><a href=\"https:\/\/alexbutor.hu\/utcabutor\/kategoriak\/utcatablak\/terkepes-tabla-udvozlotabla\/\">T\u00e9rk\u00e9pes t\u00e1bla, \u00fcdv\u00f6zl\u0151t\u00e1bla<\/a><\/h3>\n<\/div>\n<\/div>\n<\/li>\n<li class=\"portfolio_item isotope-item\">\n<div class=\"portfolio_item_holder\">\n<figure class=\"thumbnail thumbnail__portfolio\"><a href=\"https:\/\/alexbutor.hu\/utcabutor\/kategoriak\/utcatablak\/irany-jelzo-tabla-egyeb-tabla\/\" class=\"image-wrap\"><img decoding=\"async\" src=\"https:\/\/alexbutor.hu\/utcabutor\/wp-content\/uploads\/2017\/03\/10_Utcatablak_03_Iranyjelzo_tablak.jpg\" alt=\"Ir\u00e1ny jelz\u0151 t\u00e1bla, egy\u00e9b t\u00e1bla\"><\/a><\/figure>\n<div class=\"caption caption__portfolio\">\n<h3><a href=\"https:\/\/alexbutor.hu\/utcabutor\/kategoriak\/utcatablak\/irany-jelzo-tabla-egyeb-tabla\/\">Ir\u00e1ny jelz\u0151 t\u00e1bla, egy\u00e9b t\u00e1bla<\/a><\/h3>\n<\/div>\n<\/div>\n<\/li>\n","protected":false},"excerpt":{"rendered":"<p>C\u00edmer, h\u00e1zsz\u00e1m, utcan\u00e9v t\u00e1bla T\u00e9rk\u00e9pes t\u00e1bla, \u00fcdv\u00f6zl\u0151t\u00e1bla Ir\u00e1ny jelz\u0151 t\u00e1bla, egy\u00e9b t\u00e1bla<\/p>\n","protected":false},"author":3,"featured_media":0,"parent":10,"menu_order":0,"comment_status":"closed","ping_status":"closed","template":"page-Portfolio2Cols-alexsub.php","meta":{"footnotes":""},"class_list":["post-38660","page","type-page","status-publish","hentry"],"yoast_head":"<!-- This site is optimized with the Yoast SEO plugin v23.5 - https:\/\/yoast.com\/wordpress\/plugins\/seo\/ -->\n<title>Utcat\u00e1bl\u00e1k, \u00fcdv\u00f6zl\u0151t\u00e1bl\u00e1k - Utcab\u00fator<\/title>\n<meta name=\"robots\" content=\"index, follow, max-snippet:-1, max-image-preview:large, max-video-preview:-1\" \/>\n<link rel=\"canonical\" href=\"https:\/\/alexbutor.hu\/utcabutor\/kategoriak\/utcatablak\/\" \/>\n<meta property=\"og:locale\" content=\"hu_HU\" \/>\n<meta property=\"og:type\" content=\"article\" \/>\n<meta property=\"og:title\" content=\"Utcat\u00e1bl\u00e1k, \u00fcdv\u00f6zl\u0151t\u00e1bl\u00e1k - Utcab\u00fator\" \/>\n<meta property=\"og:description\" content=\"C\u00edmer, h\u00e1zsz\u00e1m, utcan\u00e9v t\u00e1bla T\u00e9rk\u00e9pes t\u00e1bla, \u00fcdv\u00f6zl\u0151t\u00e1bla Ir\u00e1ny jelz\u0151 t\u00e1bla, egy\u00e9b t\u00e1bla\" \/>\n<meta property=\"og:url\" content=\"https:\/\/alexbutor.hu\/utcabutor\/kategoriak\/utcatablak\/\" \/>\n<meta property=\"og:site_name\" content=\"Utcab\u00fator\" \/>\n<meta property=\"article:modified_time\" content=\"2021-11-17T08:36:15+00:00\" \/>\n<meta property=\"og:image\" content=\"https:\/\/alexbutor.hu\/utcabutor\/wp-content\/uploads\/2017\/03\/10_Utcatablak-01_Utcatabla.jpg\" \/>\n<meta name=\"twitter:card\" content=\"summary_large_image\" \/>\n<script type=\"application\/ld+json\" class=\"yoast-schema-graph\">{\"@context\":\"https:\/\/schema.org\",\"@graph\":[{\"@type\":\"WebPage\",\"@id\":\"https:\/\/alexbutor.hu\/utcabutor\/kategoriak\/utcatablak\/\",\"url\":\"https:\/\/alexbutor.hu\/utcabutor\/kategoriak\/utcatablak\/\",\"name\":\"Utcat\u00e1bl\u00e1k, \u00fcdv\u00f6zl\u0151t\u00e1bl\u00e1k - Utcab\u00fator\",\"isPartOf\":{\"@id\":\"https:\/\/alexbutor.hu\/utcabutor\/#website\"},\"primaryImageOfPage\":{\"@id\":\"https:\/\/alexbutor.hu\/utcabutor\/kategoriak\/utcatablak\/#primaryimage\"},\"image\":{\"@id\":\"https:\/\/alexbutor.hu\/utcabutor\/kategoriak\/utcatablak\/#primaryimage\"},\"thumbnailUrl\":\"https:\/\/alexbutor.hu\/utcabutor\/wp-content\/uploads\/2017\/03\/10_Utcatablak-01_Utcatabla.jpg\",\"datePublished\":\"2017-03-08T19:33:06+00:00\",\"dateModified\":\"2021-11-17T08:36:15+00:00\",\"breadcrumb\":{\"@id\":\"https:\/\/alexbutor.hu\/utcabutor\/kategoriak\/utcatablak\/#breadcrumb\"},\"inLanguage\":\"hu\",\"potentialAction\":[{\"@type\":\"ReadAction\",\"target\":[\"https:\/\/alexbutor.hu\/utcabutor\/kategoriak\/utcatablak\/\"]}]},{\"@type\":\"ImageObject\",\"inLanguage\":\"hu\",\"@id\":\"https:\/\/alexbutor.hu\/utcabutor\/kategoriak\/utcatablak\/#primaryimage\",\"url\":\"https:\/\/alexbutor.hu\/utcabutor\/wp-content\/uploads\/2017\/03\/10_Utcatablak-01_Utcatabla.jpg\",\"contentUrl\":\"https:\/\/alexbutor.hu\/utcabutor\/wp-content\/uploads\/2017\/03\/10_Utcatablak-01_Utcatabla.jpg\",\"width\":800,\"height\":560},{\"@type\":\"BreadcrumbList\",\"@id\":\"https:\/\/alexbutor.hu\/utcabutor\/kategoriak\/utcatablak\/#breadcrumb\",\"itemListElement\":[{\"@type\":\"ListItem\",\"position\":1,\"name\":\"Home\",\"item\":\"https:\/\/alexbutor.hu\/utcabutor\/\"},{\"@type\":\"ListItem\",\"position\":2,\"name\":\"Term\u00e9kek\",\"item\":\"https:\/\/alexbutor.hu\/utcabutor\/kategoriak\/\"},{\"@type\":\"ListItem\",\"position\":3,\"name\":\"Utcat\u00e1bl\u00e1k, \u00fcdv\u00f6zl\u0151t\u00e1bl\u00e1k\"}]},{\"@type\":\"WebSite\",\"@id\":\"https:\/\/alexbutor.hu\/utcabutor\/#website\",\"url\":\"https:\/\/alexbutor.hu\/utcabutor\/\",\"name\":\"Utcab\u00fator\",\"description\":\"Minden t\u00e9rben megold\u00e1s\",\"potentialAction\":[{\"@type\":\"SearchAction\",\"target\":{\"@type\":\"EntryPoint\",\"urlTemplate\":\"https:\/\/alexbutor.hu\/utcabutor\/?s={search_term_string}\"},\"query-input\":{\"@type\":\"PropertyValueSpecification\",\"valueRequired\":true,\"valueName\":\"search_term_string\"}}],\"inLanguage\":\"hu\"}]}<\/script>\n<!-- \/ Yoast SEO plugin. -->","yoast_head_json":{"title":"Utcat\u00e1bl\u00e1k, \u00fcdv\u00f6zl\u0151t\u00e1bl\u00e1k - Utcab\u00fator","robots":{"index":"index","follow":"follow","max-snippet":"max-snippet:-1","max-image-preview":"max-image-preview:large","max-video-preview":"max-video-preview:-1"},"canonical":"https:\/\/alexbutor.hu\/utcabutor\/kategoriak\/utcatablak\/","og_locale":"hu_HU","og_type":"article","og_title":"Utcat\u00e1bl\u00e1k, \u00fcdv\u00f6zl\u0151t\u00e1bl\u00e1k - Utcab\u00fator","og_description":"C\u00edmer, h\u00e1zsz\u00e1m, utcan\u00e9v t\u00e1bla T\u00e9rk\u00e9pes t\u00e1bla, \u00fcdv\u00f6zl\u0151t\u00e1bla Ir\u00e1ny jelz\u0151 t\u00e1bla, egy\u00e9b t\u00e1bla","og_url":"https:\/\/alexbutor.hu\/utcabutor\/kategoriak\/utcatablak\/","og_site_name":"Utcab\u00fator","article_modified_time":"2021-11-17T08:36:15+00:00","og_image":[{"url":"https:\/\/alexbutor.hu\/utcabutor\/wp-content\/uploads\/2017\/03\/10_Utcatablak-01_Utcatabla.jpg"}],"twitter_card":"summary_large_image","schema":{"@context":"https:\/\/schema.org","@graph":[{"@type":"WebPage","@id":"https:\/\/alexbutor.hu\/utcabutor\/kategoriak\/utcatablak\/","url":"https:\/\/alexbutor.hu\/utcabutor\/kategoriak\/utcatablak\/","name":"Utcat\u00e1bl\u00e1k, \u00fcdv\u00f6zl\u0151t\u00e1bl\u00e1k - Utcab\u00fator","isPartOf":{"@id":"https:\/\/alexbutor.hu\/utcabutor\/#website"},"primaryImageOfPage":{"@id":"https:\/\/alexbutor.hu\/utcabutor\/kategoriak\/utcatablak\/#primaryimage"},"image":{"@id":"https:\/\/alexbutor.hu\/utcabutor\/kategoriak\/utcatablak\/#primaryimage"},"thumbnailUrl":"https:\/\/alexbutor.hu\/utcabutor\/wp-content\/uploads\/2017\/03\/10_Utcatablak-01_Utcatabla.jpg","datePublished":"2017-03-08T19:33:06+00:00","dateModified":"2021-11-17T08:36:15+00:00","breadcrumb":{"@id":"https:\/\/alexbutor.hu\/utcabutor\/kategoriak\/utcatablak\/#breadcrumb"},"inLanguage":"hu","potentialAction":[{"@type":"ReadAction","target":["https:\/\/alexbutor.hu\/utcabutor\/kategoriak\/utcatablak\/"]}]},{"@type":"ImageObject","inLanguage":"hu","@id":"https:\/\/alexbutor.hu\/utcabutor\/kategoriak\/utcatablak\/#primaryimage","url":"https:\/\/alexbutor.hu\/utcabutor\/wp-content\/uploads\/2017\/03\/10_Utcatablak-01_Utcatabla.jpg","contentUrl":"https:\/\/alexbutor.hu\/utcabutor\/wp-content\/uploads\/2017\/03\/10_Utcatablak-01_Utcatabla.jpg","width":800,"height":560},{"@type":"BreadcrumbList","@id":"https:\/\/alexbutor.hu\/utcabutor\/kategoriak\/utcatablak\/#breadcrumb","itemListElement":[{"@type":"ListItem","position":1,"name":"Home","item":"https:\/\/alexbutor.hu\/utcabutor\/"},{"@type":"ListItem","position":2,"name":"Term\u00e9kek","item":"https:\/\/alexbutor.hu\/utcabutor\/kategoriak\/"},{"@type":"ListItem","position":3,"name":"Utcat\u00e1bl\u00e1k, \u00fcdv\u00f6zl\u0151t\u00e1bl\u00e1k"}]},{"@type":"WebSite","@id":"https:\/\/alexbutor.hu\/utcabutor\/#website","url":"https:\/\/alexbutor.hu\/utcabutor\/","name":"Utcab\u00fator","description":"Minden t\u00e9rben megold\u00e1s","potentialAction":[{"@type":"SearchAction","target":{"@type":"EntryPoint","urlTemplate":"https:\/\/alexbutor.hu\/utcabutor\/?s={search_term_string}"},"query-input":{"@type":"PropertyValueSpecification","valueRequired":true,"valueName":"search_term_string"}}],"inLanguage":"hu"}]}},"_links":{"self":[{"href":"https:\/\/alexbutor.hu\/utcabutor\/wp-json\/wp\/v2\/pages\/38660"}],"collection":[{"href":"https:\/\/alexbutor.hu\/utcabutor\/wp-json\/wp\/v2\/pages"}],"about":[{"href":"https:\/\/alexbutor.hu\/utcabutor\/wp-json\/wp\/v2\/types\/page"}],"author":[{"embeddable":true,"href":"https:\/\/alexbutor.hu\/utcabutor\/wp-json\/wp\/v2\/users\/3"}],"replies":[{"embeddable":true,"href":"https:\/\/alexbutor.hu\/utcabutor\/wp-json\/wp\/v2\/comments?post=38660"}],"version-history":[{"count":1,"href":"https:\/\/alexbutor.hu\/utcabutor\/wp-json\/wp\/v2\/pages\/38660\/revisions"}],"predecessor-version":[{"id":61914,"href":"https:\/\/alexbutor.hu\/utcabutor\/wp-json\/wp\/v2\/pages\/38660\/revisions\/61914"}],"up":[{"embeddable":true,"href":"https:\/\/alexbutor.hu\/utcabutor\/wp-json\/wp\/v2\/pages\/10"}],"wp:attachment":[{"href":"https:\/\/alexbutor.hu\/utcabutor\/wp-json\/wp\/v2\/media?parent=38660"}],"curies":[{"name":"wp","href":"https:\/\/api.w.org\/{rel}","templated":true}]}}